{"id":6981,"date":"2019-09-12T15:05:24","date_gmt":"2019-09-12T13:05:24","guid":{"rendered":"https:\/\/www.garage-berset.ch\/membre\/ali-mohammadi\/"},"modified":"2019-09-12T15:05:24","modified_gmt":"2019-09-12T13:05:24","slug":"ali-mohammadi","status":"publish","type":"membre","link":"https:\/\/www.garage-berset.ch\/de\/membre\/ali-mohammadi\/","title":{"rendered":"Ali Mohammadi"},"content":{"rendered":"","protected":false},"featured_media":4965,"template":"","fonction":[52],"class_list":["post-6981","membre","type-membre","status-publish","has-post-thumbnail","hentry","fonction-workshop"],"acf":[],"yoast_head":"<!-- This site is optimized with the Yoast SEO plugin v27.5 - https:\/\/yoast.com\/product\/yoast-seo-wordpress\/ -->\n<title>Ali Mohammadi - Garage Berset | Fribourg, Marly et la Tour-de-Tr\u00eame<\/title>\n<meta name=\"robots\" content=\"index, follow, max-snippet:-1, max-image-preview:large, max-video-preview:-1\" \/>\n<link rel=\"canonical\" href=\"https:\/\/www.garage-berset.ch\/de\/membre\/ali-mohammadi\/\" \/>\n<meta property=\"og:locale\" content=\"de_DE\" \/>\n<meta property=\"og:type\" content=\"article\" \/>\n<meta property=\"og:title\" content=\"Ali Mohammadi - Garage Berset | Fribourg, Marly et la Tour-de-Tr\u00eame\" \/>\n<meta property=\"og:url\" content=\"https:\/\/www.garage-berset.ch\/de\/membre\/ali-mohammadi\/\" \/>\n<meta property=\"og:site_name\" content=\"Garage Berset | Fribourg, Marly et la Tour-de-Tr\u00eame\" \/>\n<meta property=\"og:image\" content=\"https:\/\/www.garage-berset.ch\/wp-content\/uploads\/2019\/09\/29.png\" \/>\n\t<meta property=\"og:image:width\" content=\"600\" \/>\n\t<meta property=\"og:image:height\" content=\"600\" \/>\n\t<meta property=\"og:image:type\" content=\"image\/png\" \/>\n<meta name=\"twitter:card\" content=\"summary_large_image\" \/>\n<script type=\"application\/ld+json\" class=\"yoast-schema-graph\">{\"@context\":\"https:\\\/\\\/schema.org\",\"@graph\":[{\"@type\":\"WebPage\",\"@id\":\"https:\\\/\\\/www.garage-berset.ch\\\/de\\\/membre\\\/ali-mohammadi\\\/\",\"url\":\"https:\\\/\\\/www.garage-berset.ch\\\/de\\\/membre\\\/ali-mohammadi\\\/\",\"name\":\"Ali Mohammadi - Garage Berset | Fribourg, Marly et la Tour-de-Tr\u00eame\",\"isPartOf\":{\"@id\":\"https:\\\/\\\/www.garage-berset.ch\\\/#website\"},\"primaryImageOfPage\":{\"@id\":\"https:\\\/\\\/www.garage-berset.ch\\\/de\\\/membre\\\/ali-mohammadi\\\/#primaryimage\"},\"image\":{\"@id\":\"https:\\\/\\\/www.garage-berset.ch\\\/de\\\/membre\\\/ali-mohammadi\\\/#primaryimage\"},\"thumbnailUrl\":\"https:\\\/\\\/www.garage-berset.ch\\\/wp-content\\\/uploads\\\/2019\\\/09\\\/29.png\",\"datePublished\":\"2019-09-12T13:05:24+00:00\",\"breadcrumb\":{\"@id\":\"https:\\\/\\\/www.garage-berset.ch\\\/de\\\/membre\\\/ali-mohammadi\\\/#breadcrumb\"},\"inLanguage\":\"de\",\"potentialAction\":[{\"@type\":\"ReadAction\",\"target\":[\"https:\\\/\\\/www.garage-berset.ch\\\/de\\\/membre\\\/ali-mohammadi\\\/\"]}]},{\"@type\":\"ImageObject\",\"inLanguage\":\"de\",\"@id\":\"https:\\\/\\\/www.garage-berset.ch\\\/de\\\/membre\\\/ali-mohammadi\\\/#primaryimage\",\"url\":\"https:\\\/\\\/www.garage-berset.ch\\\/wp-content\\\/uploads\\\/2019\\\/09\\\/29.png\",\"contentUrl\":\"https:\\\/\\\/www.garage-berset.ch\\\/wp-content\\\/uploads\\\/2019\\\/09\\\/29.png\",\"width\":600,\"height\":600},{\"@type\":\"BreadcrumbList\",\"@id\":\"https:\\\/\\\/www.garage-berset.ch\\\/de\\\/membre\\\/ali-mohammadi\\\/#breadcrumb\",\"itemListElement\":[{\"@type\":\"ListItem\",\"position\":1,\"name\":\"Accueil\",\"item\":\"https:\\\/\\\/www.garage-berset.ch\\\/de\\\/garage-berset-3\\\/\"},{\"@type\":\"ListItem\",\"position\":2,\"name\":\"Membres\",\"item\":\"https:\\\/\\\/www.garage-berset.ch\\\/membre\\\/\"},{\"@type\":\"ListItem\",\"position\":3,\"name\":\"Ali Mohammadi\"}]},{\"@type\":\"WebSite\",\"@id\":\"https:\\\/\\\/www.garage-berset.ch\\\/#website\",\"url\":\"https:\\\/\\\/www.garage-berset.ch\\\/\",\"name\":\"Garage Berset | Fribourg, Marly et la Tour-de-Tr\u00eame\",\"description\":\"Depuis 1951, le Garage Berset \u00e0 Fribourg (Marly) et \u00e0 Bulle (Tour-de-Tr\u00eame) est le leader des marques Lexus, Toyota et Maserati dans le canton de Fribourg.\",\"potentialAction\":[{\"@type\":\"SearchAction\",\"target\":{\"@type\":\"EntryPoint\",\"urlTemplate\":\"https:\\\/\\\/www.garage-berset.ch\\\/?s={search_term_string}\"},\"query-input\":{\"@type\":\"PropertyValueSpecification\",\"valueRequired\":true,\"valueName\":\"search_term_string\"}}],\"inLanguage\":\"de\"}]}<\/script>\n<!-- \/ Yoast SEO plugin. -->","yoast_head_json":{"title":"Ali Mohammadi - Garage Berset | Fribourg, Marly et la Tour-de-Tr\u00eame","robots":{"index":"index","follow":"follow","max-snippet":"max-snippet:-1","max-image-preview":"max-image-preview:large","max-video-preview":"max-video-preview:-1"},"canonical":"https:\/\/www.garage-berset.ch\/de\/membre\/ali-mohammadi\/","og_locale":"de_DE","og_type":"article","og_title":"Ali Mohammadi - Garage Berset | Fribourg, Marly et la Tour-de-Tr\u00eame","og_url":"https:\/\/www.garage-berset.ch\/de\/membre\/ali-mohammadi\/","og_site_name":"Garage Berset | Fribourg, Marly et la Tour-de-Tr\u00eame","og_image":[{"width":600,"height":600,"url":"https:\/\/www.garage-berset.ch\/wp-content\/uploads\/2019\/09\/29.png","type":"image\/png"}],"twitter_card":"summary_large_image","schema":{"@context":"https:\/\/schema.org","@graph":[{"@type":"WebPage","@id":"https:\/\/www.garage-berset.ch\/de\/membre\/ali-mohammadi\/","url":"https:\/\/www.garage-berset.ch\/de\/membre\/ali-mohammadi\/","name":"Ali Mohammadi - Garage Berset | Fribourg, Marly et la Tour-de-Tr\u00eame","isPartOf":{"@id":"https:\/\/www.garage-berset.ch\/#website"},"primaryImageOfPage":{"@id":"https:\/\/www.garage-berset.ch\/de\/membre\/ali-mohammadi\/#primaryimage"},"image":{"@id":"https:\/\/www.garage-berset.ch\/de\/membre\/ali-mohammadi\/#primaryimage"},"thumbnailUrl":"https:\/\/www.garage-berset.ch\/wp-content\/uploads\/2019\/09\/29.png","datePublished":"2019-09-12T13:05:24+00:00","breadcrumb":{"@id":"https:\/\/www.garage-berset.ch\/de\/membre\/ali-mohammadi\/#breadcrumb"},"inLanguage":"de","potentialAction":[{"@type":"ReadAction","target":["https:\/\/www.garage-berset.ch\/de\/membre\/ali-mohammadi\/"]}]},{"@type":"ImageObject","inLanguage":"de","@id":"https:\/\/www.garage-berset.ch\/de\/membre\/ali-mohammadi\/#primaryimage","url":"https:\/\/www.garage-berset.ch\/wp-content\/uploads\/2019\/09\/29.png","contentUrl":"https:\/\/www.garage-berset.ch\/wp-content\/uploads\/2019\/09\/29.png","width":600,"height":600},{"@type":"BreadcrumbList","@id":"https:\/\/www.garage-berset.ch\/de\/membre\/ali-mohammadi\/#breadcrumb","itemListElement":[{"@type":"ListItem","position":1,"name":"Accueil","item":"https:\/\/www.garage-berset.ch\/de\/garage-berset-3\/"},{"@type":"ListItem","position":2,"name":"Membres","item":"https:\/\/www.garage-berset.ch\/membre\/"},{"@type":"ListItem","position":3,"name":"Ali Mohammadi"}]},{"@type":"WebSite","@id":"https:\/\/www.garage-berset.ch\/#website","url":"https:\/\/www.garage-berset.ch\/","name":"Garage Berset | Fribourg, Marly et la Tour-de-Tr\u00eame","description":"Depuis 1951, le Garage Berset \u00e0 Fribourg (Marly) et \u00e0 Bulle (Tour-de-Tr\u00eame) est le leader des marques Lexus, Toyota et Maserati dans le canton de Fribourg.","potentialAction":[{"@type":"SearchAction","target":{"@type":"EntryPoint","urlTemplate":"https:\/\/www.garage-berset.ch\/?s={search_term_string}"},"query-input":{"@type":"PropertyValueSpecification","valueRequired":true,"valueName":"search_term_string"}}],"inLanguage":"de"}]}},"_links":{"self":[{"href":"https:\/\/www.garage-berset.ch\/de\/wp-json\/wp\/v2\/membre\/6981","targetHints":{"allow":["GET"]}}],"collection":[{"href":"https:\/\/www.garage-berset.ch\/de\/wp-json\/wp\/v2\/membre"}],"about":[{"href":"https:\/\/www.garage-berset.ch\/de\/wp-json\/wp\/v2\/types\/membre"}],"wp:featuredmedia":[{"embeddable":true,"href":"https:\/\/www.garage-berset.ch\/de\/wp-json\/wp\/v2\/media\/4965"}],"wp:attachment":[{"href":"https:\/\/www.garage-berset.ch\/de\/wp-json\/wp\/v2\/media?parent=6981"}],"wp:term":[{"taxonomy":"fonction","embeddable":true,"href":"https:\/\/www.garage-berset.ch\/de\/wp-json\/wp\/v2\/fonction?post=6981"}],"curies":[{"name":"wp","href":"https:\/\/api.w.org\/{rel}","templated":true}]}}

<!-- This site is optimized with the Yoast SEO plugin v27.5 - https://yoast.com/product/yoast-seo-wordpress/ -->
<title>Ali Mohammadi - Garage Berset | Fribourg, Marly et la Tour-de-Trême</title>
<meta name="robots" content="index, follow, max-snippet:-1, max-image-preview:large, max-video-preview:-1" />
<link rel="canonical" href="https://www.garage-berset.ch/de/membre/ali-mohammadi/" />
<meta property="og:locale" content="de_DE" />
<meta property="og:type" content="article" />
<meta property="og:title" content="Ali Mohammadi - Garage Berset | Fribourg, Marly et la Tour-de-Trême" />
<meta property="og:url" content="https://www.garage-berset.ch/de/membre/ali-mohammadi/" />
<meta property="og:site_name" content="Garage Berset | Fribourg, Marly et la Tour-de-Trême" />
<meta property="og:image" content="https://www.garage-berset.ch/wp-content/uploads/2019/09/29.png" />
	<meta property="og:image:width" content="600" />
	<meta property="og:image:height" content="600" />
	<meta property="og:image:type" content="image/png" />
<meta name="twitter:card" content="summary_large_image" />
<script type="application/ld+json" class="yoast-schema-graph">{"@context":"https:\/\/schema.org","@graph":[{"@type":"WebPage","@id":"https:\/\/www.garage-berset.ch\/de\/membre\/ali-mohammadi\/","url":"https:\/\/www.garage-berset.ch\/de\/membre\/ali-mohammadi\/","name":"Ali Mohammadi - Garage Berset | Fribourg, Marly et la Tour-de-Trême","isPartOf":{"@id":"https:\/\/www.garage-berset.ch\/#website"},"primaryImageOfPage":{"@id":"https:\/\/www.garage-berset.ch\/de\/membre\/ali-mohammadi\/#primaryimage"},"image":{"@id":"https:\/\/www.garage-berset.ch\/de\/membre\/ali-mohammadi\/#primaryimage"},"thumbnailUrl":"https:\/\/www.garage-berset.ch\/wp-content\/uploads\/2019\/09\/29.png","datePublished":"2019-09-12T13:05:24+00:00","breadcrumb":{"@id":"https:\/\/www.garage-berset.ch\/de\/membre\/ali-mohammadi\/#breadcrumb"},"inLanguage":"de","potentialAction":[{"@type":"ReadAction","target":["https:\/\/www.garage-berset.ch\/de\/membre\/ali-mohammadi\/"]}]},{"@type":"ImageObject","inLanguage":"de","@id":"https:\/\/www.garage-berset.ch\/de\/membre\/ali-mohammadi\/#primaryimage","url":"https:\/\/www.garage-berset.ch\/wp-content\/uploads\/2019\/09\/29.png","contentUrl":"https:\/\/www.garage-berset.ch\/wp-content\/uploads\/2019\/09\/29.png","width":600,"height":600},{"@type":"BreadcrumbList","@id":"https:\/\/www.garage-berset.ch\/de\/membre\/ali-mohammadi\/#breadcrumb","itemListElement":[{"@type":"ListItem","position":1,"name":"Accueil","item":"https:\/\/www.garage-berset.ch\/de\/garage-berset-3\/"},{"@type":"ListItem","position":2,"name":"Membres","item":"https:\/\/www.garage-berset.ch\/membre\/"},{"@type":"ListItem","position":3,"name":"Ali Mohammadi"}]},{"@type":"WebSite","@id":"https:\/\/www.garage-berset.ch\/#website","url":"https:\/\/www.garage-berset.ch\/","name":"Garage Berset | Fribourg, Marly et la Tour-de-Trême","description":"Depuis 1951, le Garage Berset à Fribourg (Marly) et à Bulle (Tour-de-Trême) est le leader des marques Lexus, Toyota et Maserati dans le canton de Fribourg.","potentialAction":[{"@type":"SearchAction","target":{"@type":"EntryPoint","urlTemplate":"https:\/\/www.garage-berset.ch\/?s={search_term_string}"},"query-input":{"@type":"PropertyValueSpecification","valueRequired":true,"valueName":"search_term_string"}}],"inLanguage":"de"}]}</script>
<!-- / Yoast SEO plugin. -->

Ali Mohammadi - Garage Berset | Fribourg, Marly et la Tour-de-Trême

Garage Berset | Fribourg, Marly et la Tour-de-Trême

Depuis 1951, le Garage Berset à Fribourg (Marly) et à Bulle (Tour-de-Trême) est le leader des marques Lexus, Toyota et Maserati dans le canton de Fribourg.
