{"id":7059,"date":"2023-03-20T16:48:45","date_gmt":"2023-03-20T15:48:45","guid":{"rendered":"https:\/\/www.garage-berset.ch\/membre\/gregory-jolliet\/"},"modified":"2025-09-30T11:14:16","modified_gmt":"2025-09-30T09:14:16","slug":"gregory-jolliet","status":"publish","type":"membre","link":"https:\/\/www.garage-berset.ch\/de\/membre\/gregory-jolliet\/","title":{"rendered":"Thibaut Vienne"},"content":{"rendered":"","protected":false},"featured_media":8872,"template":"","fonction":[55],"class_list":["post-7059","membre","type-membre","status-publish","has-post-thumbnail","hentry","fonction-verwaltung"],"acf":[],"yoast_head":"<!-- This site is optimized with the Yoast SEO plugin v27.5 - https:\/\/yoast.com\/product\/yoast-seo-wordpress\/ -->\n<title>Thibaut Vienne - Garage Berset | Fribourg, Marly et la Tour-de-Tr\u00eame<\/title>\n<meta name=\"description\" content=\"Lernen Sie Thibaut kennen, unseren Verkaufsmitarbeiter in der Garage Berset in La Tour-de-Tr\u00eame. Er steht Ihnen f\u00fcr Ihre Mobilit\u00e4tsprojekte zur Verf\u00fcgung.\" \/>\n<meta name=\"robots\" content=\"index, follow, max-snippet:-1, max-image-preview:large, max-video-preview:-1\" \/>\n<link rel=\"canonical\" href=\"https:\/\/www.garage-berset.ch\/de\/membre\/gregory-jolliet\/\" \/>\n<meta property=\"og:locale\" content=\"de_DE\" \/>\n<meta property=\"og:type\" content=\"article\" \/>\n<meta property=\"og:title\" content=\"Thibaut Vienne - Garage Berset | Fribourg, Marly et la Tour-de-Tr\u00eame\" \/>\n<meta property=\"og:description\" content=\"Lernen Sie Thibaut kennen, unseren Verkaufsmitarbeiter in der Garage Berset in La Tour-de-Tr\u00eame. Er steht Ihnen f\u00fcr Ihre Mobilit\u00e4tsprojekte zur Verf\u00fcgung.\" \/>\n<meta property=\"og:url\" content=\"https:\/\/www.garage-berset.ch\/de\/membre\/gregory-jolliet\/\" \/>\n<meta property=\"og:site_name\" content=\"Garage Berset | Fribourg, Marly et la Tour-de-Tr\u00eame\" \/>\n<meta property=\"article:modified_time\" content=\"2025-09-30T09:14:16+00:00\" \/>\n<meta property=\"og:image\" content=\"https:\/\/www.garage-berset.ch\/wp-content\/uploads\/2023\/03\/1-1.png\" \/>\n\t<meta property=\"og:image:width\" content=\"600\" \/>\n\t<meta property=\"og:image:height\" content=\"600\" \/>\n\t<meta property=\"og:image:type\" content=\"image\/png\" \/>\n<meta name=\"twitter:card\" content=\"summary_large_image\" \/>\n<script type=\"application\/ld+json\" class=\"yoast-schema-graph\">{\"@context\":\"https:\\\/\\\/schema.org\",\"@graph\":[{\"@type\":\"WebPage\",\"@id\":\"https:\\\/\\\/www.garage-berset.ch\\\/de\\\/membre\\\/gregory-jolliet\\\/\",\"url\":\"https:\\\/\\\/www.garage-berset.ch\\\/de\\\/membre\\\/gregory-jolliet\\\/\",\"name\":\"Thibaut Vienne - Garage Berset | Fribourg, Marly et la Tour-de-Tr\u00eame\",\"isPartOf\":{\"@id\":\"https:\\\/\\\/www.garage-berset.ch\\\/#website\"},\"primaryImageOfPage\":{\"@id\":\"https:\\\/\\\/www.garage-berset.ch\\\/de\\\/membre\\\/gregory-jolliet\\\/#primaryimage\"},\"image\":{\"@id\":\"https:\\\/\\\/www.garage-berset.ch\\\/de\\\/membre\\\/gregory-jolliet\\\/#primaryimage\"},\"thumbnailUrl\":\"https:\\\/\\\/www.garage-berset.ch\\\/wp-content\\\/uploads\\\/2023\\\/03\\\/1-2.png\",\"datePublished\":\"2023-03-20T15:48:45+00:00\",\"dateModified\":\"2025-09-30T09:14:16+00:00\",\"description\":\"Lernen Sie Thibaut kennen, unseren Verkaufsmitarbeiter in der Garage Berset in La Tour-de-Tr\u00eame. Er steht Ihnen f\u00fcr Ihre Mobilit\u00e4tsprojekte zur Verf\u00fcgung.\",\"breadcrumb\":{\"@id\":\"https:\\\/\\\/www.garage-berset.ch\\\/de\\\/membre\\\/gregory-jolliet\\\/#breadcrumb\"},\"inLanguage\":\"de\",\"potentialAction\":[{\"@type\":\"ReadAction\",\"target\":[\"https:\\\/\\\/www.garage-berset.ch\\\/de\\\/membre\\\/gregory-jolliet\\\/\"]}]},{\"@type\":\"ImageObject\",\"inLanguage\":\"de\",\"@id\":\"https:\\\/\\\/www.garage-berset.ch\\\/de\\\/membre\\\/gregory-jolliet\\\/#primaryimage\",\"url\":\"https:\\\/\\\/www.garage-berset.ch\\\/wp-content\\\/uploads\\\/2023\\\/03\\\/1-2.png\",\"contentUrl\":\"https:\\\/\\\/www.garage-berset.ch\\\/wp-content\\\/uploads\\\/2023\\\/03\\\/1-2.png\",\"width\":600,\"height\":600},{\"@type\":\"BreadcrumbList\",\"@id\":\"https:\\\/\\\/www.garage-berset.ch\\\/de\\\/membre\\\/gregory-jolliet\\\/#breadcrumb\",\"itemListElement\":[{\"@type\":\"ListItem\",\"position\":1,\"name\":\"Accueil\",\"item\":\"https:\\\/\\\/www.garage-berset.ch\\\/de\\\/garage-berset-3\\\/\"},{\"@type\":\"ListItem\",\"position\":2,\"name\":\"Membres\",\"item\":\"https:\\\/\\\/www.garage-berset.ch\\\/membre\\\/\"},{\"@type\":\"ListItem\",\"position\":3,\"name\":\"Thibaut Vienne\"}]},{\"@type\":\"WebSite\",\"@id\":\"https:\\\/\\\/www.garage-berset.ch\\\/#website\",\"url\":\"https:\\\/\\\/www.garage-berset.ch\\\/\",\"name\":\"Garage Berset | Fribourg, Marly et la Tour-de-Tr\u00eame\",\"description\":\"Depuis 1951, le Garage Berset \u00e0 Fribourg (Marly) et \u00e0 Bulle (Tour-de-Tr\u00eame) est le leader des marques Lexus, Toyota et Maserati dans le canton de Fribourg.\",\"potentialAction\":[{\"@type\":\"SearchAction\",\"target\":{\"@type\":\"EntryPoint\",\"urlTemplate\":\"https:\\\/\\\/www.garage-berset.ch\\\/?s={search_term_string}\"},\"query-input\":{\"@type\":\"PropertyValueSpecification\",\"valueRequired\":true,\"valueName\":\"search_term_string\"}}],\"inLanguage\":\"de\"}]}<\/script>\n<!-- \/ Yoast SEO plugin. -->","yoast_head_json":{"title":"Thibaut Vienne - Garage Berset | Fribourg, Marly et la Tour-de-Tr\u00eame","description":"Lernen Sie Thibaut kennen, unseren Verkaufsmitarbeiter in der Garage Berset in La Tour-de-Tr\u00eame. Er steht Ihnen f\u00fcr Ihre Mobilit\u00e4tsprojekte zur Verf\u00fcgung.","robots":{"index":"index","follow":"follow","max-snippet":"max-snippet:-1","max-image-preview":"max-image-preview:large","max-video-preview":"max-video-preview:-1"},"canonical":"https:\/\/www.garage-berset.ch\/de\/membre\/gregory-jolliet\/","og_locale":"de_DE","og_type":"article","og_title":"Thibaut Vienne - Garage Berset | Fribourg, Marly et la Tour-de-Tr\u00eame","og_description":"Lernen Sie Thibaut kennen, unseren Verkaufsmitarbeiter in der Garage Berset in La Tour-de-Tr\u00eame. Er steht Ihnen f\u00fcr Ihre Mobilit\u00e4tsprojekte zur Verf\u00fcgung.","og_url":"https:\/\/www.garage-berset.ch\/de\/membre\/gregory-jolliet\/","og_site_name":"Garage Berset | Fribourg, Marly et la Tour-de-Tr\u00eame","article_modified_time":"2025-09-30T09:14:16+00:00","og_image":[{"width":600,"height":600,"url":"https:\/\/www.garage-berset.ch\/wp-content\/uploads\/2023\/03\/1-1.png","type":"image\/png"}],"twitter_card":"summary_large_image","schema":{"@context":"https:\/\/schema.org","@graph":[{"@type":"WebPage","@id":"https:\/\/www.garage-berset.ch\/de\/membre\/gregory-jolliet\/","url":"https:\/\/www.garage-berset.ch\/de\/membre\/gregory-jolliet\/","name":"Thibaut Vienne - Garage Berset | Fribourg, Marly et la Tour-de-Tr\u00eame","isPartOf":{"@id":"https:\/\/www.garage-berset.ch\/#website"},"primaryImageOfPage":{"@id":"https:\/\/www.garage-berset.ch\/de\/membre\/gregory-jolliet\/#primaryimage"},"image":{"@id":"https:\/\/www.garage-berset.ch\/de\/membre\/gregory-jolliet\/#primaryimage"},"thumbnailUrl":"https:\/\/www.garage-berset.ch\/wp-content\/uploads\/2023\/03\/1-2.png","datePublished":"2023-03-20T15:48:45+00:00","dateModified":"2025-09-30T09:14:16+00:00","description":"Lernen Sie Thibaut kennen, unseren Verkaufsmitarbeiter in der Garage Berset in La Tour-de-Tr\u00eame. Er steht Ihnen f\u00fcr Ihre Mobilit\u00e4tsprojekte zur Verf\u00fcgung.","breadcrumb":{"@id":"https:\/\/www.garage-berset.ch\/de\/membre\/gregory-jolliet\/#breadcrumb"},"inLanguage":"de","potentialAction":[{"@type":"ReadAction","target":["https:\/\/www.garage-berset.ch\/de\/membre\/gregory-jolliet\/"]}]},{"@type":"ImageObject","inLanguage":"de","@id":"https:\/\/www.garage-berset.ch\/de\/membre\/gregory-jolliet\/#primaryimage","url":"https:\/\/www.garage-berset.ch\/wp-content\/uploads\/2023\/03\/1-2.png","contentUrl":"https:\/\/www.garage-berset.ch\/wp-content\/uploads\/2023\/03\/1-2.png","width":600,"height":600},{"@type":"BreadcrumbList","@id":"https:\/\/www.garage-berset.ch\/de\/membre\/gregory-jolliet\/#breadcrumb","itemListElement":[{"@type":"ListItem","position":1,"name":"Accueil","item":"https:\/\/www.garage-berset.ch\/de\/garage-berset-3\/"},{"@type":"ListItem","position":2,"name":"Membres","item":"https:\/\/www.garage-berset.ch\/membre\/"},{"@type":"ListItem","position":3,"name":"Thibaut Vienne"}]},{"@type":"WebSite","@id":"https:\/\/www.garage-berset.ch\/#website","url":"https:\/\/www.garage-berset.ch\/","name":"Garage Berset | Fribourg, Marly et la Tour-de-Tr\u00eame","description":"Depuis 1951, le Garage Berset \u00e0 Fribourg (Marly) et \u00e0 Bulle (Tour-de-Tr\u00eame) est le leader des marques Lexus, Toyota et Maserati dans le canton de Fribourg.","potentialAction":[{"@type":"SearchAction","target":{"@type":"EntryPoint","urlTemplate":"https:\/\/www.garage-berset.ch\/?s={search_term_string}"},"query-input":{"@type":"PropertyValueSpecification","valueRequired":true,"valueName":"search_term_string"}}],"inLanguage":"de"}]}},"_links":{"self":[{"href":"https:\/\/www.garage-berset.ch\/de\/wp-json\/wp\/v2\/membre\/7059","targetHints":{"allow":["GET"]}}],"collection":[{"href":"https:\/\/www.garage-berset.ch\/de\/wp-json\/wp\/v2\/membre"}],"about":[{"href":"https:\/\/www.garage-berset.ch\/de\/wp-json\/wp\/v2\/types\/membre"}],"wp:featuredmedia":[{"embeddable":true,"href":"https:\/\/www.garage-berset.ch\/de\/wp-json\/wp\/v2\/media\/8872"}],"wp:attachment":[{"href":"https:\/\/www.garage-berset.ch\/de\/wp-json\/wp\/v2\/media?parent=7059"}],"wp:term":[{"taxonomy":"fonction","embeddable":true,"href":"https:\/\/www.garage-berset.ch\/de\/wp-json\/wp\/v2\/fonction?post=7059"}],"curies":[{"name":"wp","href":"https:\/\/api.w.org\/{rel}","templated":true}]}}

<!-- This site is optimized with the Yoast SEO plugin v27.5 - https://yoast.com/product/yoast-seo-wordpress/ -->
<title>Thibaut Vienne - Garage Berset | Fribourg, Marly et la Tour-de-Trême</title>
<meta name="description" content="Lernen Sie Thibaut kennen, unseren Verkaufsmitarbeiter in der Garage Berset in La Tour-de-Trême. Er steht Ihnen für Ihre Mobilitätsprojekte zur Verfügung." />
<meta name="robots" content="index, follow, max-snippet:-1, max-image-preview:large, max-video-preview:-1" />
<link rel="canonical" href="https://www.garage-berset.ch/de/membre/gregory-jolliet/" />
<meta property="og:locale" content="de_DE" />
<meta property="og:type" content="article" />
<meta property="og:title" content="Thibaut Vienne - Garage Berset | Fribourg, Marly et la Tour-de-Trême" />
<meta property="og:description" content="Lernen Sie Thibaut kennen, unseren Verkaufsmitarbeiter in der Garage Berset in La Tour-de-Trême. Er steht Ihnen für Ihre Mobilitätsprojekte zur Verfügung." />
<meta property="og:url" content="https://www.garage-berset.ch/de/membre/gregory-jolliet/" />
<meta property="og:site_name" content="Garage Berset | Fribourg, Marly et la Tour-de-Trême" />
<meta property="article:modified_time" content="2025-09-30T09:14:16+00:00" />
<meta property="og:image" content="https://www.garage-berset.ch/wp-content/uploads/2023/03/1-1.png" />
	<meta property="og:image:width" content="600" />
	<meta property="og:image:height" content="600" />
	<meta property="og:image:type" content="image/png" />
<meta name="twitter:card" content="summary_large_image" />
<script type="application/ld+json" class="yoast-schema-graph">{"@context":"https:\/\/schema.org","@graph":[{"@type":"WebPage","@id":"https:\/\/www.garage-berset.ch\/de\/membre\/gregory-jolliet\/","url":"https:\/\/www.garage-berset.ch\/de\/membre\/gregory-jolliet\/","name":"Thibaut Vienne - Garage Berset | Fribourg, Marly et la Tour-de-Trême","isPartOf":{"@id":"https:\/\/www.garage-berset.ch\/#website"},"primaryImageOfPage":{"@id":"https:\/\/www.garage-berset.ch\/de\/membre\/gregory-jolliet\/#primaryimage"},"image":{"@id":"https:\/\/www.garage-berset.ch\/de\/membre\/gregory-jolliet\/#primaryimage"},"thumbnailUrl":"https:\/\/www.garage-berset.ch\/wp-content\/uploads\/2023\/03\/1-2.png","datePublished":"2023-03-20T15:48:45+00:00","dateModified":"2025-09-30T09:14:16+00:00","description":"Lernen Sie Thibaut kennen, unseren Verkaufsmitarbeiter in der Garage Berset in La Tour-de-Trême. Er steht Ihnen für Ihre Mobilitätsprojekte zur Verfügung.","breadcrumb":{"@id":"https:\/\/www.garage-berset.ch\/de\/membre\/gregory-jolliet\/#breadcrumb"},"inLanguage":"de","potentialAction":[{"@type":"ReadAction","target":["https:\/\/www.garage-berset.ch\/de\/membre\/gregory-jolliet\/"]}]},{"@type":"ImageObject","inLanguage":"de","@id":"https:\/\/www.garage-berset.ch\/de\/membre\/gregory-jolliet\/#primaryimage","url":"https:\/\/www.garage-berset.ch\/wp-content\/uploads\/2023\/03\/1-2.png","contentUrl":"https:\/\/www.garage-berset.ch\/wp-content\/uploads\/2023\/03\/1-2.png","width":600,"height":600},{"@type":"BreadcrumbList","@id":"https:\/\/www.garage-berset.ch\/de\/membre\/gregory-jolliet\/#breadcrumb","itemListElement":[{"@type":"ListItem","position":1,"name":"Accueil","item":"https:\/\/www.garage-berset.ch\/de\/garage-berset-3\/"},{"@type":"ListItem","position":2,"name":"Membres","item":"https:\/\/www.garage-berset.ch\/membre\/"},{"@type":"ListItem","position":3,"name":"Thibaut Vienne"}]},{"@type":"WebSite","@id":"https:\/\/www.garage-berset.ch\/#website","url":"https:\/\/www.garage-berset.ch\/","name":"Garage Berset | Fribourg, Marly et la Tour-de-Trême","description":"Depuis 1951, le Garage Berset à Fribourg (Marly) et à Bulle (Tour-de-Trême) est le leader des marques Lexus, Toyota et Maserati dans le canton de Fribourg.","potentialAction":[{"@type":"SearchAction","target":{"@type":"EntryPoint","urlTemplate":"https:\/\/www.garage-berset.ch\/?s={search_term_string}"},"query-input":{"@type":"PropertyValueSpecification","valueRequired":true,"valueName":"search_term_string"}}],"inLanguage":"de"}]}</script>
<!-- / Yoast SEO plugin. -->

Thibaut Vienne - Garage Berset | Fribourg, Marly et la Tour-de-Trême

Lernen Sie Thibaut kennen, unseren Verkaufsmitarbeiter in der Garage Berset in La Tour-de-Trême. Er steht Ihnen für Ihre Mobilitätsprojekte zur Verfügung.

Garage Berset | Fribourg, Marly et la Tour-de-Trême

Depuis 1951, le Garage Berset à Fribourg (Marly) et à Bulle (Tour-de-Trême) est le leader des marques Lexus, Toyota et Maserati dans le canton de Fribourg.
