{"id":7080,"date":"2019-07-01T13:43:26","date_gmt":"2019-07-01T11:43:26","guid":{"rendered":"https:\/\/www.garage-berset.ch\/membre\/pascal-mueller\/"},"modified":"2019-07-01T13:43:26","modified_gmt":"2019-07-01T11:43:26","slug":"pascal-mueller","status":"publish","type":"membre","link":"https:\/\/www.garage-berset.ch\/de\/membre\/pascal-mueller\/","title":{"rendered":"Pascal Mueller"},"content":{"rendered":"","protected":false},"featured_media":1638,"template":"","fonction":[55],"class_list":["post-7080","membre","type-membre","status-publish","has-post-thumbnail","hentry","fonction-verwaltung"],"acf":[],"yoast_head":"<!-- This site is optimized with the Yoast SEO plugin v27.5 - https:\/\/yoast.com\/product\/yoast-seo-wordpress\/ -->\n<title>Pascal Mueller - Garage Berset | Fribourg, Marly et la Tour-de-Tr\u00eame<\/title>\n<meta name=\"robots\" content=\"index, follow, max-snippet:-1, max-image-preview:large, max-video-preview:-1\" \/>\n<link rel=\"canonical\" href=\"https:\/\/www.garage-berset.ch\/de\/membre\/pascal-mueller\/\" \/>\n<meta property=\"og:locale\" content=\"de_DE\" \/>\n<meta property=\"og:type\" content=\"article\" \/>\n<meta property=\"og:title\" content=\"Pascal Mueller - Garage Berset | Fribourg, Marly et la Tour-de-Tr\u00eame\" \/>\n<meta property=\"og:url\" content=\"https:\/\/www.garage-berset.ch\/de\/membre\/pascal-mueller\/\" \/>\n<meta property=\"og:site_name\" content=\"Garage Berset | Fribourg, Marly et la Tour-de-Tr\u00eame\" \/>\n<meta property=\"og:image\" content=\"https:\/\/www.garage-berset.ch\/wp-content\/uploads\/2019\/07\/stemutz_photo_garage_berset_2400px-dscf9985.jpg\" \/>\n\t<meta property=\"og:image:width\" content=\"1800\" \/>\n\t<meta property=\"og:image:height\" content=\"2400\" \/>\n\t<meta property=\"og:image:type\" content=\"image\/jpeg\" \/>\n<meta name=\"twitter:card\" content=\"summary_large_image\" \/>\n<script type=\"application\/ld+json\" class=\"yoast-schema-graph\">{\"@context\":\"https:\\\/\\\/schema.org\",\"@graph\":[{\"@type\":\"WebPage\",\"@id\":\"https:\\\/\\\/www.garage-berset.ch\\\/de\\\/membre\\\/pascal-mueller\\\/\",\"url\":\"https:\\\/\\\/www.garage-berset.ch\\\/de\\\/membre\\\/pascal-mueller\\\/\",\"name\":\"Pascal Mueller - Garage Berset | Fribourg, Marly et la Tour-de-Tr\u00eame\",\"isPartOf\":{\"@id\":\"https:\\\/\\\/www.garage-berset.ch\\\/#website\"},\"primaryImageOfPage\":{\"@id\":\"https:\\\/\\\/www.garage-berset.ch\\\/de\\\/membre\\\/pascal-mueller\\\/#primaryimage\"},\"image\":{\"@id\":\"https:\\\/\\\/www.garage-berset.ch\\\/de\\\/membre\\\/pascal-mueller\\\/#primaryimage\"},\"thumbnailUrl\":\"https:\\\/\\\/www.garage-berset.ch\\\/wp-content\\\/uploads\\\/2019\\\/07\\\/stemutz_photo_garage_berset_2400px-dscf9985.jpg\",\"datePublished\":\"2019-07-01T11:43:26+00:00\",\"breadcrumb\":{\"@id\":\"https:\\\/\\\/www.garage-berset.ch\\\/de\\\/membre\\\/pascal-mueller\\\/#breadcrumb\"},\"inLanguage\":\"de\",\"potentialAction\":[{\"@type\":\"ReadAction\",\"target\":[\"https:\\\/\\\/www.garage-berset.ch\\\/de\\\/membre\\\/pascal-mueller\\\/\"]}]},{\"@type\":\"ImageObject\",\"inLanguage\":\"de\",\"@id\":\"https:\\\/\\\/www.garage-berset.ch\\\/de\\\/membre\\\/pascal-mueller\\\/#primaryimage\",\"url\":\"https:\\\/\\\/www.garage-berset.ch\\\/wp-content\\\/uploads\\\/2019\\\/07\\\/stemutz_photo_garage_berset_2400px-dscf9985.jpg\",\"contentUrl\":\"https:\\\/\\\/www.garage-berset.ch\\\/wp-content\\\/uploads\\\/2019\\\/07\\\/stemutz_photo_garage_berset_2400px-dscf9985.jpg\",\"width\":1800,\"height\":2400,\"caption\":\"\u00a9 St\u00e9phane Schmutz \\\/ STEMUTZ.COM\"},{\"@type\":\"BreadcrumbList\",\"@id\":\"https:\\\/\\\/www.garage-berset.ch\\\/de\\\/membre\\\/pascal-mueller\\\/#breadcrumb\",\"itemListElement\":[{\"@type\":\"ListItem\",\"position\":1,\"name\":\"Accueil\",\"item\":\"https:\\\/\\\/www.garage-berset.ch\\\/de\\\/garage-berset-3\\\/\"},{\"@type\":\"ListItem\",\"position\":2,\"name\":\"Membres\",\"item\":\"https:\\\/\\\/www.garage-berset.ch\\\/membre\\\/\"},{\"@type\":\"ListItem\",\"position\":3,\"name\":\"Pascal Mueller\"}]},{\"@type\":\"WebSite\",\"@id\":\"https:\\\/\\\/www.garage-berset.ch\\\/#website\",\"url\":\"https:\\\/\\\/www.garage-berset.ch\\\/\",\"name\":\"Garage Berset | Fribourg, Marly et la Tour-de-Tr\u00eame\",\"description\":\"Depuis 1951, le Garage Berset \u00e0 Fribourg (Marly) et \u00e0 Bulle (Tour-de-Tr\u00eame) est le leader des marques Lexus, Toyota et Maserati dans le canton de Fribourg.\",\"potentialAction\":[{\"@type\":\"SearchAction\",\"target\":{\"@type\":\"EntryPoint\",\"urlTemplate\":\"https:\\\/\\\/www.garage-berset.ch\\\/?s={search_term_string}\"},\"query-input\":{\"@type\":\"PropertyValueSpecification\",\"valueRequired\":true,\"valueName\":\"search_term_string\"}}],\"inLanguage\":\"de\"}]}<\/script>\n<!-- \/ Yoast SEO plugin. -->","yoast_head_json":{"title":"Pascal Mueller - Garage Berset | Fribourg, Marly et la Tour-de-Tr\u00eame","robots":{"index":"index","follow":"follow","max-snippet":"max-snippet:-1","max-image-preview":"max-image-preview:large","max-video-preview":"max-video-preview:-1"},"canonical":"https:\/\/www.garage-berset.ch\/de\/membre\/pascal-mueller\/","og_locale":"de_DE","og_type":"article","og_title":"Pascal Mueller - Garage Berset | Fribourg, Marly et la Tour-de-Tr\u00eame","og_url":"https:\/\/www.garage-berset.ch\/de\/membre\/pascal-mueller\/","og_site_name":"Garage Berset | Fribourg, Marly et la Tour-de-Tr\u00eame","og_image":[{"width":1800,"height":2400,"url":"https:\/\/www.garage-berset.ch\/wp-content\/uploads\/2019\/07\/stemutz_photo_garage_berset_2400px-dscf9985.jpg","type":"image\/jpeg"}],"twitter_card":"summary_large_image","schema":{"@context":"https:\/\/schema.org","@graph":[{"@type":"WebPage","@id":"https:\/\/www.garage-berset.ch\/de\/membre\/pascal-mueller\/","url":"https:\/\/www.garage-berset.ch\/de\/membre\/pascal-mueller\/","name":"Pascal Mueller - Garage Berset | Fribourg, Marly et la Tour-de-Tr\u00eame","isPartOf":{"@id":"https:\/\/www.garage-berset.ch\/#website"},"primaryImageOfPage":{"@id":"https:\/\/www.garage-berset.ch\/de\/membre\/pascal-mueller\/#primaryimage"},"image":{"@id":"https:\/\/www.garage-berset.ch\/de\/membre\/pascal-mueller\/#primaryimage"},"thumbnailUrl":"https:\/\/www.garage-berset.ch\/wp-content\/uploads\/2019\/07\/stemutz_photo_garage_berset_2400px-dscf9985.jpg","datePublished":"2019-07-01T11:43:26+00:00","breadcrumb":{"@id":"https:\/\/www.garage-berset.ch\/de\/membre\/pascal-mueller\/#breadcrumb"},"inLanguage":"de","potentialAction":[{"@type":"ReadAction","target":["https:\/\/www.garage-berset.ch\/de\/membre\/pascal-mueller\/"]}]},{"@type":"ImageObject","inLanguage":"de","@id":"https:\/\/www.garage-berset.ch\/de\/membre\/pascal-mueller\/#primaryimage","url":"https:\/\/www.garage-berset.ch\/wp-content\/uploads\/2019\/07\/stemutz_photo_garage_berset_2400px-dscf9985.jpg","contentUrl":"https:\/\/www.garage-berset.ch\/wp-content\/uploads\/2019\/07\/stemutz_photo_garage_berset_2400px-dscf9985.jpg","width":1800,"height":2400,"caption":"\u00a9 St\u00e9phane Schmutz \/ STEMUTZ.COM"},{"@type":"BreadcrumbList","@id":"https:\/\/www.garage-berset.ch\/de\/membre\/pascal-mueller\/#breadcrumb","itemListElement":[{"@type":"ListItem","position":1,"name":"Accueil","item":"https:\/\/www.garage-berset.ch\/de\/garage-berset-3\/"},{"@type":"ListItem","position":2,"name":"Membres","item":"https:\/\/www.garage-berset.ch\/membre\/"},{"@type":"ListItem","position":3,"name":"Pascal Mueller"}]},{"@type":"WebSite","@id":"https:\/\/www.garage-berset.ch\/#website","url":"https:\/\/www.garage-berset.ch\/","name":"Garage Berset | Fribourg, Marly et la Tour-de-Tr\u00eame","description":"Depuis 1951, le Garage Berset \u00e0 Fribourg (Marly) et \u00e0 Bulle (Tour-de-Tr\u00eame) est le leader des marques Lexus, Toyota et Maserati dans le canton de Fribourg.","potentialAction":[{"@type":"SearchAction","target":{"@type":"EntryPoint","urlTemplate":"https:\/\/www.garage-berset.ch\/?s={search_term_string}"},"query-input":{"@type":"PropertyValueSpecification","valueRequired":true,"valueName":"search_term_string"}}],"inLanguage":"de"}]}},"_links":{"self":[{"href":"https:\/\/www.garage-berset.ch\/de\/wp-json\/wp\/v2\/membre\/7080","targetHints":{"allow":["GET"]}}],"collection":[{"href":"https:\/\/www.garage-berset.ch\/de\/wp-json\/wp\/v2\/membre"}],"about":[{"href":"https:\/\/www.garage-berset.ch\/de\/wp-json\/wp\/v2\/types\/membre"}],"wp:featuredmedia":[{"embeddable":true,"href":"https:\/\/www.garage-berset.ch\/de\/wp-json\/wp\/v2\/media\/1638"}],"wp:attachment":[{"href":"https:\/\/www.garage-berset.ch\/de\/wp-json\/wp\/v2\/media?parent=7080"}],"wp:term":[{"taxonomy":"fonction","embeddable":true,"href":"https:\/\/www.garage-berset.ch\/de\/wp-json\/wp\/v2\/fonction?post=7080"}],"curies":[{"name":"wp","href":"https:\/\/api.w.org\/{rel}","templated":true}]}}

<!-- This site is optimized with the Yoast SEO plugin v27.5 - https://yoast.com/product/yoast-seo-wordpress/ -->
<title>Pascal Mueller - Garage Berset | Fribourg, Marly et la Tour-de-Trême</title>
<meta name="robots" content="index, follow, max-snippet:-1, max-image-preview:large, max-video-preview:-1" />
<link rel="canonical" href="https://www.garage-berset.ch/de/membre/pascal-mueller/" />
<meta property="og:locale" content="de_DE" />
<meta property="og:type" content="article" />
<meta property="og:title" content="Pascal Mueller - Garage Berset | Fribourg, Marly et la Tour-de-Trême" />
<meta property="og:url" content="https://www.garage-berset.ch/de/membre/pascal-mueller/" />
<meta property="og:site_name" content="Garage Berset | Fribourg, Marly et la Tour-de-Trême" />
<meta property="og:image" content="https://www.garage-berset.ch/wp-content/uploads/2019/07/stemutz_photo_garage_berset_2400px-dscf9985.jpg" />
	<meta property="og:image:width" content="1800" />
	<meta property="og:image:height" content="2400" />
	<meta property="og:image:type" content="image/jpeg" />
<meta name="twitter:card" content="summary_large_image" />
<script type="application/ld+json" class="yoast-schema-graph">{"@context":"https:\/\/schema.org","@graph":[{"@type":"WebPage","@id":"https:\/\/www.garage-berset.ch\/de\/membre\/pascal-mueller\/","url":"https:\/\/www.garage-berset.ch\/de\/membre\/pascal-mueller\/","name":"Pascal Mueller - Garage Berset | Fribourg, Marly et la Tour-de-Trême","isPartOf":{"@id":"https:\/\/www.garage-berset.ch\/#website"},"primaryImageOfPage":{"@id":"https:\/\/www.garage-berset.ch\/de\/membre\/pascal-mueller\/#primaryimage"},"image":{"@id":"https:\/\/www.garage-berset.ch\/de\/membre\/pascal-mueller\/#primaryimage"},"thumbnailUrl":"https:\/\/www.garage-berset.ch\/wp-content\/uploads\/2019\/07\/stemutz_photo_garage_berset_2400px-dscf9985.jpg","datePublished":"2019-07-01T11:43:26+00:00","breadcrumb":{"@id":"https:\/\/www.garage-berset.ch\/de\/membre\/pascal-mueller\/#breadcrumb"},"inLanguage":"de","potentialAction":[{"@type":"ReadAction","target":["https:\/\/www.garage-berset.ch\/de\/membre\/pascal-mueller\/"]}]},{"@type":"ImageObject","inLanguage":"de","@id":"https:\/\/www.garage-berset.ch\/de\/membre\/pascal-mueller\/#primaryimage","url":"https:\/\/www.garage-berset.ch\/wp-content\/uploads\/2019\/07\/stemutz_photo_garage_berset_2400px-dscf9985.jpg","contentUrl":"https:\/\/www.garage-berset.ch\/wp-content\/uploads\/2019\/07\/stemutz_photo_garage_berset_2400px-dscf9985.jpg","width":1800,"height":2400,"caption":"© Stéphane Schmutz \/ STEMUTZ.COM"},{"@type":"BreadcrumbList","@id":"https:\/\/www.garage-berset.ch\/de\/membre\/pascal-mueller\/#breadcrumb","itemListElement":[{"@type":"ListItem","position":1,"name":"Accueil","item":"https:\/\/www.garage-berset.ch\/de\/garage-berset-3\/"},{"@type":"ListItem","position":2,"name":"Membres","item":"https:\/\/www.garage-berset.ch\/membre\/"},{"@type":"ListItem","position":3,"name":"Pascal Mueller"}]},{"@type":"WebSite","@id":"https:\/\/www.garage-berset.ch\/#website","url":"https:\/\/www.garage-berset.ch\/","name":"Garage Berset | Fribourg, Marly et la Tour-de-Trême","description":"Depuis 1951, le Garage Berset à Fribourg (Marly) et à Bulle (Tour-de-Trême) est le leader des marques Lexus, Toyota et Maserati dans le canton de Fribourg.","potentialAction":[{"@type":"SearchAction","target":{"@type":"EntryPoint","urlTemplate":"https:\/\/www.garage-berset.ch\/?s={search_term_string}"},"query-input":{"@type":"PropertyValueSpecification","valueRequired":true,"valueName":"search_term_string"}}],"inLanguage":"de"}]}</script>
<!-- / Yoast SEO plugin. -->

Pascal Mueller - Garage Berset | Fribourg, Marly et la Tour-de-Trême

Garage Berset | Fribourg, Marly et la Tour-de-Trême

© Stéphane Schmutz / STEMUTZ.COM

Depuis 1951, le Garage Berset à Fribourg (Marly) et à Bulle (Tour-de-Trême) est le leader des marques Lexus, Toyota et Maserati dans le canton de Fribourg.
