{"id":1816,"date":"2019-07-15T11:19:15","date_gmt":"2019-07-15T09:19:15","guid":{"rendered":"https:\/\/www.garage-berset.ch\/?page_id=1816"},"modified":"2025-06-19T11:26:46","modified_gmt":"2025-06-19T09:26:46","slug":"vermietung","status":"publish","type":"page","link":"https:\/\/www.garage-berset.ch\/de\/vermietung\/","title":{"rendered":"Vermietung"},"content":{"rendered":"","protected":false},"excerpt":{"rendered":"","protected":false},"author":1,"featured_media":8157,"parent":0,"menu_order":0,"comment_status":"closed","ping_status":"closed","template":"template-location.php","meta":{"_acf_changed":false,"footnotes":""},"class_list":["post-1816","page","type-page","status-publish","has-post-thumbnail","hentry"],"acf":[],"yoast_head":"<!-- This site is optimized with the Yoast SEO plugin v27.0 - https:\/\/yoast.com\/product\/yoast-seo-wordpress\/ -->\n<title>Vermietung - Garage Berset | Fribourg, Marly et la Tour-de-Tr\u00eame<\/title>\n<meta name=\"robots\" content=\"index, follow, max-snippet:-1, max-image-preview:large, max-video-preview:-1\" \/>\n<link rel=\"canonical\" href=\"https:\/\/www.garage-berset.ch\/de\/vermietung\/\" \/>\n<meta property=\"og:locale\" content=\"de_DE\" \/>\n<meta property=\"og:type\" content=\"article\" \/>\n<meta property=\"og:title\" content=\"Vermietung - Garage Berset | Fribourg, Marly et la Tour-de-Tr\u00eame\" \/>\n<meta property=\"og:url\" content=\"https:\/\/www.garage-berset.ch\/de\/vermietung\/\" \/>\n<meta property=\"og:site_name\" content=\"Garage Berset | Fribourg, Marly et la Tour-de-Tr\u00eame\" \/>\n<meta property=\"article:modified_time\" content=\"2025-06-19T09:26:46+00:00\" \/>\n<meta property=\"og:image\" content=\"https:\/\/www.garage-berset.ch\/wp-content\/uploads\/2025\/04\/csuv0001c_25-jpg_2143878_lowres-web-png-1024x945.png\" \/>\n\t<meta property=\"og:image:width\" content=\"1024\" \/>\n\t<meta property=\"og:image:height\" content=\"945\" \/>\n\t<meta property=\"og:image:type\" content=\"image\/png\" \/>\n<meta name=\"twitter:card\" content=\"summary_large_image\" \/>\n<script type=\"application\/ld+json\" class=\"yoast-schema-graph\">{\"@context\":\"https:\/\/schema.org\",\"@graph\":[{\"@type\":\"WebPage\",\"@id\":\"https:\/\/www.garage-berset.ch\/de\/vermietung\/\",\"url\":\"https:\/\/www.garage-berset.ch\/de\/vermietung\/\",\"name\":\"Vermietung - Garage Berset | Fribourg, Marly et la Tour-de-Tr\u00eame\",\"isPartOf\":{\"@id\":\"https:\/\/www.garage-berset.ch\/#website\"},\"primaryImageOfPage\":{\"@id\":\"https:\/\/www.garage-berset.ch\/de\/vermietung\/#primaryimage\"},\"image\":{\"@id\":\"https:\/\/www.garage-berset.ch\/de\/vermietung\/#primaryimage\"},\"thumbnailUrl\":\"https:\/\/www.garage-berset.ch\/wp-content\/uploads\/2025\/04\/csuv0001c_25-jpg_2143878_lowres-web-png.png\",\"datePublished\":\"2019-07-15T09:19:15+00:00\",\"dateModified\":\"2025-06-19T09:26:46+00:00\",\"breadcrumb\":{\"@id\":\"https:\/\/www.garage-berset.ch\/de\/vermietung\/#breadcrumb\"},\"inLanguage\":\"de\",\"potentialAction\":[{\"@type\":\"ReadAction\",\"target\":[\"https:\/\/www.garage-berset.ch\/de\/vermietung\/\"]}]},{\"@type\":\"ImageObject\",\"inLanguage\":\"de\",\"@id\":\"https:\/\/www.garage-berset.ch\/de\/vermietung\/#primaryimage\",\"url\":\"https:\/\/www.garage-berset.ch\/wp-content\/uploads\/2025\/04\/csuv0001c_25-jpg_2143878_lowres-web-png.png\",\"contentUrl\":\"https:\/\/www.garage-berset.ch\/wp-content\/uploads\/2025\/04\/csuv0001c_25-jpg_2143878_lowres-web-png.png\",\"width\":2000,\"height\":1846},{\"@type\":\"BreadcrumbList\",\"@id\":\"https:\/\/www.garage-berset.ch\/de\/vermietung\/#breadcrumb\",\"itemListElement\":[{\"@type\":\"ListItem\",\"position\":1,\"name\":\"Accueil\",\"item\":\"https:\/\/www.garage-berset.ch\/de\/garage-berset-3\/\"},{\"@type\":\"ListItem\",\"position\":2,\"name\":\"Vermietung\"}]},{\"@type\":\"WebSite\",\"@id\":\"https:\/\/www.garage-berset.ch\/#website\",\"url\":\"https:\/\/www.garage-berset.ch\/\",\"name\":\"Garage Berset | Fribourg, Marly et la Tour-de-Tr\u00eame\",\"description\":\"Depuis 1951, le Garage Berset \u00e0 Fribourg (Marly) et \u00e0 Bulle (Tour-de-Tr\u00eame) est le leader des marques Lexus, Toyota et Maserati dans le canton de Fribourg.\",\"potentialAction\":[{\"@type\":\"SearchAction\",\"target\":{\"@type\":\"EntryPoint\",\"urlTemplate\":\"https:\/\/www.garage-berset.ch\/?s={search_term_string}\"},\"query-input\":{\"@type\":\"PropertyValueSpecification\",\"valueRequired\":true,\"valueName\":\"search_term_string\"}}],\"inLanguage\":\"de\"}]}<\/script>\n<!-- \/ Yoast SEO plugin. -->","yoast_head_json":{"title":"Vermietung - Garage Berset | Fribourg, Marly et la Tour-de-Tr\u00eame","robots":{"index":"index","follow":"follow","max-snippet":"max-snippet:-1","max-image-preview":"max-image-preview:large","max-video-preview":"max-video-preview:-1"},"canonical":"https:\/\/www.garage-berset.ch\/de\/vermietung\/","og_locale":"de_DE","og_type":"article","og_title":"Vermietung - Garage Berset | Fribourg, Marly et la Tour-de-Tr\u00eame","og_url":"https:\/\/www.garage-berset.ch\/de\/vermietung\/","og_site_name":"Garage Berset | Fribourg, Marly et la Tour-de-Tr\u00eame","article_modified_time":"2025-06-19T09:26:46+00:00","og_image":[{"width":1024,"height":945,"url":"https:\/\/www.garage-berset.ch\/wp-content\/uploads\/2025\/04\/csuv0001c_25-jpg_2143878_lowres-web-png-1024x945.png","type":"image\/png"}],"twitter_card":"summary_large_image","schema":{"@context":"https:\/\/schema.org","@graph":[{"@type":"WebPage","@id":"https:\/\/www.garage-berset.ch\/de\/vermietung\/","url":"https:\/\/www.garage-berset.ch\/de\/vermietung\/","name":"Vermietung - Garage Berset | Fribourg, Marly et la Tour-de-Tr\u00eame","isPartOf":{"@id":"https:\/\/www.garage-berset.ch\/#website"},"primaryImageOfPage":{"@id":"https:\/\/www.garage-berset.ch\/de\/vermietung\/#primaryimage"},"image":{"@id":"https:\/\/www.garage-berset.ch\/de\/vermietung\/#primaryimage"},"thumbnailUrl":"https:\/\/www.garage-berset.ch\/wp-content\/uploads\/2025\/04\/csuv0001c_25-jpg_2143878_lowres-web-png.png","datePublished":"2019-07-15T09:19:15+00:00","dateModified":"2025-06-19T09:26:46+00:00","breadcrumb":{"@id":"https:\/\/www.garage-berset.ch\/de\/vermietung\/#breadcrumb"},"inLanguage":"de","potentialAction":[{"@type":"ReadAction","target":["https:\/\/www.garage-berset.ch\/de\/vermietung\/"]}]},{"@type":"ImageObject","inLanguage":"de","@id":"https:\/\/www.garage-berset.ch\/de\/vermietung\/#primaryimage","url":"https:\/\/www.garage-berset.ch\/wp-content\/uploads\/2025\/04\/csuv0001c_25-jpg_2143878_lowres-web-png.png","contentUrl":"https:\/\/www.garage-berset.ch\/wp-content\/uploads\/2025\/04\/csuv0001c_25-jpg_2143878_lowres-web-png.png","width":2000,"height":1846},{"@type":"BreadcrumbList","@id":"https:\/\/www.garage-berset.ch\/de\/vermietung\/#breadcrumb","itemListElement":[{"@type":"ListItem","position":1,"name":"Accueil","item":"https:\/\/www.garage-berset.ch\/de\/garage-berset-3\/"},{"@type":"ListItem","position":2,"name":"Vermietung"}]},{"@type":"WebSite","@id":"https:\/\/www.garage-berset.ch\/#website","url":"https:\/\/www.garage-berset.ch\/","name":"Garage Berset | Fribourg, Marly et la Tour-de-Tr\u00eame","description":"Depuis 1951, le Garage Berset \u00e0 Fribourg (Marly) et \u00e0 Bulle (Tour-de-Tr\u00eame) est le leader des marques Lexus, Toyota et Maserati dans le canton de Fribourg.","potentialAction":[{"@type":"SearchAction","target":{"@type":"EntryPoint","urlTemplate":"https:\/\/www.garage-berset.ch\/?s={search_term_string}"},"query-input":{"@type":"PropertyValueSpecification","valueRequired":true,"valueName":"search_term_string"}}],"inLanguage":"de"}]}},"_links":{"self":[{"href":"https:\/\/www.garage-berset.ch\/de\/wp-json\/wp\/v2\/pages\/1816","targetHints":{"allow":["GET"]}}],"collection":[{"href":"https:\/\/www.garage-berset.ch\/de\/wp-json\/wp\/v2\/pages"}],"about":[{"href":"https:\/\/www.garage-berset.ch\/de\/wp-json\/wp\/v2\/types\/page"}],"author":[{"embeddable":true,"href":"https:\/\/www.garage-berset.ch\/de\/wp-json\/wp\/v2\/users\/1"}],"replies":[{"embeddable":true,"href":"https:\/\/www.garage-berset.ch\/de\/wp-json\/wp\/v2\/comments?post=1816"}],"version-history":[{"count":6,"href":"https:\/\/www.garage-berset.ch\/de\/wp-json\/wp\/v2\/pages\/1816\/revisions"}],"predecessor-version":[{"id":9132,"href":"https:\/\/www.garage-berset.ch\/de\/wp-json\/wp\/v2\/pages\/1816\/revisions\/9132"}],"wp:featuredmedia":[{"embeddable":true,"href":"https:\/\/www.garage-berset.ch\/de\/wp-json\/wp\/v2\/media\/8157"}],"wp:attachment":[{"href":"https:\/\/www.garage-berset.ch\/de\/wp-json\/wp\/v2\/media?parent=1816"}],"curies":[{"name":"wp","href":"https:\/\/api.w.org\/{rel}","templated":true}]}}

<!-- This site is optimized with the Yoast SEO plugin v27.0 - https://yoast.com/product/yoast-seo-wordpress/ -->
<title>Vermietung - Garage Berset | Fribourg, Marly et la Tour-de-Trême</title>
<meta name="robots" content="index, follow, max-snippet:-1, max-image-preview:large, max-video-preview:-1" />
<link rel="canonical" href="https://www.garage-berset.ch/de/vermietung/" />
<meta property="og:locale" content="de_DE" />
<meta property="og:type" content="article" />
<meta property="og:title" content="Vermietung - Garage Berset | Fribourg, Marly et la Tour-de-Trême" />
<meta property="og:url" content="https://www.garage-berset.ch/de/vermietung/" />
<meta property="og:site_name" content="Garage Berset | Fribourg, Marly et la Tour-de-Trême" />
<meta property="article:modified_time" content="2025-06-19T09:26:46+00:00" />
<meta property="og:image" content="https://www.garage-berset.ch/wp-content/uploads/2025/04/csuv0001c_25-jpg_2143878_lowres-web-png-1024x945.png" />
	<meta property="og:image:width" content="1024" />
	<meta property="og:image:height" content="945" />
	<meta property="og:image:type" content="image/png" />
<meta name="twitter:card" content="summary_large_image" />
<script type="application/ld+json" class="yoast-schema-graph">{"@context":"https://schema.org","@graph":[{"@type":"WebPage","@id":"https://www.garage-berset.ch/de/vermietung/","url":"https://www.garage-berset.ch/de/vermietung/","name":"Vermietung - Garage Berset | Fribourg, Marly et la Tour-de-Trême","isPartOf":{"@id":"https://www.garage-berset.ch/#website"},"primaryImageOfPage":{"@id":"https://www.garage-berset.ch/de/vermietung/#primaryimage"},"image":{"@id":"https://www.garage-berset.ch/de/vermietung/#primaryimage"},"thumbnailUrl":"https://www.garage-berset.ch/wp-content/uploads/2025/04/csuv0001c_25-jpg_2143878_lowres-web-png.png","datePublished":"2019-07-15T09:19:15+00:00","dateModified":"2025-06-19T09:26:46+00:00","breadcrumb":{"@id":"https://www.garage-berset.ch/de/vermietung/#breadcrumb"},"inLanguage":"de","potentialAction":[{"@type":"ReadAction","target":["https://www.garage-berset.ch/de/vermietung/"]}]},{"@type":"ImageObject","inLanguage":"de","@id":"https://www.garage-berset.ch/de/vermietung/#primaryimage","url":"https://www.garage-berset.ch/wp-content/uploads/2025/04/csuv0001c_25-jpg_2143878_lowres-web-png.png","contentUrl":"https://www.garage-berset.ch/wp-content/uploads/2025/04/csuv0001c_25-jpg_2143878_lowres-web-png.png","width":2000,"height":1846},{"@type":"BreadcrumbList","@id":"https://www.garage-berset.ch/de/vermietung/#breadcrumb","itemListElement":[{"@type":"ListItem","position":1,"name":"Accueil","item":"https://www.garage-berset.ch/de/garage-berset-3/"},{"@type":"ListItem","position":2,"name":"Vermietung"}]},{"@type":"WebSite","@id":"https://www.garage-berset.ch/#website","url":"https://www.garage-berset.ch/","name":"Garage Berset | Fribourg, Marly et la Tour-de-Trême","description":"Depuis 1951, le Garage Berset à Fribourg (Marly) et à Bulle (Tour-de-Trême) est le leader des marques Lexus, Toyota et Maserati dans le canton de Fribourg.","potentialAction":[{"@type":"SearchAction","target":{"@type":"EntryPoint","urlTemplate":"https://www.garage-berset.ch/?s={search_term_string}"},"query-input":{"@type":"PropertyValueSpecification","valueRequired":true,"valueName":"search_term_string"}}],"inLanguage":"de"}]}</script>
<!-- / Yoast SEO plugin. -->

Vermietung - Garage Berset | Fribourg, Marly et la Tour-de-Trême

Garage Berset | Fribourg, Marly et la Tour-de-Trême

Depuis 1951, le Garage Berset à Fribourg (Marly) et à Bulle (Tour-de-Trême) est le leader des marques Lexus, Toyota et Maserati dans le canton de Fribourg.
