{"id":1880,"date":"2019-07-26T15:32:22","date_gmt":"2019-07-26T13:32:22","guid":{"rendered":"https:\/\/www.garage-berset.ch\/voiture\/%marque_voiture%\/stand-container-a-louer-2\/"},"modified":"2025-06-19T11:34:11","modified_gmt":"2025-06-19T09:34:11","slug":"pop-up-store-stand","status":"publish","type":"voiture","link":"https:\/\/www.garage-berset.ch\/de\/voiture\/location-de\/pop-up-store-stand\/","title":{"rendered":"Pop-Up \/ Wanderstand"},"content":{"rendered":"","protected":false},"featured_media":1719,"template":"","marque_voiture":[69],"motorisation":[],"class_list":["post-1880","voiture","type-voiture","status-publish","has-post-thumbnail","hentry","marque_voiture-location-de"],"acf":[],"yoast_head":"<!-- This site is optimized with the Yoast SEO plugin v27.5 - https:\/\/yoast.com\/product\/yoast-seo-wordpress\/ -->\n<title>Pop-Up \/ Wanderstand - Garage Berset | Fribourg, Marly et la Tour-de-Tr\u00eame<\/title>\n<meta name=\"description\" content=\"Heben Sie sich von der Masse ab mit unserem Pop-up-Container, den Sie f\u00fcr Ihre n\u00e4chste Veranstaltung oder Gartenparty mieten k\u00f6nnen!\" \/>\n<meta name=\"robots\" content=\"index, follow, max-snippet:-1, max-image-preview:large, max-video-preview:-1\" \/>\n<link rel=\"canonical\" href=\"https:\/\/www.garage-berset.ch\/de\/voiture\/location-de\/pop-up-store-stand\/\" \/>\n<meta property=\"og:locale\" content=\"de_DE\" \/>\n<meta property=\"og:type\" content=\"article\" \/>\n<meta property=\"og:title\" content=\"Pop-Up \/ Wanderstand - Garage Berset | Fribourg, Marly et la Tour-de-Tr\u00eame\" \/>\n<meta property=\"og:description\" content=\"Heben Sie sich von der Masse ab mit unserem Pop-up-Container, den Sie f\u00fcr Ihre n\u00e4chste Veranstaltung oder Gartenparty mieten k\u00f6nnen!\" \/>\n<meta property=\"og:url\" content=\"https:\/\/www.garage-berset.ch\/de\/voiture\/location-de\/pop-up-store-stand\/\" \/>\n<meta property=\"og:site_name\" content=\"Garage Berset | Fribourg, Marly et la Tour-de-Tr\u00eame\" \/>\n<meta property=\"article:modified_time\" content=\"2025-06-19T09:34:11+00:00\" \/>\n<meta property=\"og:image\" content=\"https:\/\/www.garage-berset.ch\/wp-content\/uploads\/2019\/07\/mvimg_20190715_134603.jpg\" \/>\n\t<meta property=\"og:image:width\" content=\"2880\" \/>\n\t<meta property=\"og:image:height\" content=\"1620\" \/>\n\t<meta property=\"og:image:type\" content=\"image\/jpeg\" \/>\n<meta name=\"twitter:card\" content=\"summary_large_image\" \/>\n<script type=\"application\/ld+json\" class=\"yoast-schema-graph\">{\"@context\":\"https:\\\/\\\/schema.org\",\"@graph\":[{\"@type\":\"WebPage\",\"@id\":\"https:\\\/\\\/www.garage-berset.ch\\\/de\\\/voiture\\\/location-de\\\/pop-up-store-stand\\\/\",\"url\":\"https:\\\/\\\/www.garage-berset.ch\\\/de\\\/voiture\\\/location-de\\\/pop-up-store-stand\\\/\",\"name\":\"Pop-Up \\\/ Wanderstand - Garage Berset | Fribourg, Marly et la Tour-de-Tr\u00eame\",\"isPartOf\":{\"@id\":\"https:\\\/\\\/www.garage-berset.ch\\\/#website\"},\"primaryImageOfPage\":{\"@id\":\"https:\\\/\\\/www.garage-berset.ch\\\/de\\\/voiture\\\/location-de\\\/pop-up-store-stand\\\/#primaryimage\"},\"image\":{\"@id\":\"https:\\\/\\\/www.garage-berset.ch\\\/de\\\/voiture\\\/location-de\\\/pop-up-store-stand\\\/#primaryimage\"},\"thumbnailUrl\":\"https:\\\/\\\/www.garage-berset.ch\\\/wp-content\\\/uploads\\\/2019\\\/07\\\/mvimg_20190715_134603.jpg\",\"datePublished\":\"2019-07-26T13:32:22+00:00\",\"dateModified\":\"2025-06-19T09:34:11+00:00\",\"description\":\"Heben Sie sich von der Masse ab mit unserem Pop-up-Container, den Sie f\u00fcr Ihre n\u00e4chste Veranstaltung oder Gartenparty mieten k\u00f6nnen!\",\"breadcrumb\":{\"@id\":\"https:\\\/\\\/www.garage-berset.ch\\\/de\\\/voiture\\\/location-de\\\/pop-up-store-stand\\\/#breadcrumb\"},\"inLanguage\":\"de\",\"potentialAction\":[{\"@type\":\"ReadAction\",\"target\":[\"https:\\\/\\\/www.garage-berset.ch\\\/de\\\/voiture\\\/location-de\\\/pop-up-store-stand\\\/\"]}]},{\"@type\":\"ImageObject\",\"inLanguage\":\"de\",\"@id\":\"https:\\\/\\\/www.garage-berset.ch\\\/de\\\/voiture\\\/location-de\\\/pop-up-store-stand\\\/#primaryimage\",\"url\":\"https:\\\/\\\/www.garage-berset.ch\\\/wp-content\\\/uploads\\\/2019\\\/07\\\/mvimg_20190715_134603.jpg\",\"contentUrl\":\"https:\\\/\\\/www.garage-berset.ch\\\/wp-content\\\/uploads\\\/2019\\\/07\\\/mvimg_20190715_134603.jpg\",\"width\":2880,\"height\":1620},{\"@type\":\"BreadcrumbList\",\"@id\":\"https:\\\/\\\/www.garage-berset.ch\\\/de\\\/voiture\\\/location-de\\\/pop-up-store-stand\\\/#breadcrumb\",\"itemListElement\":[{\"@type\":\"ListItem\",\"position\":1,\"name\":\"Accueil\",\"item\":\"https:\\\/\\\/www.garage-berset.ch\\\/de\\\/garage-berset-3\\\/\"},{\"@type\":\"ListItem\",\"position\":2,\"name\":\"Voitures\",\"item\":\"https:\\\/\\\/www.garage-berset.ch\\\/voiture\\\/%marque_voiture%\\\/\"},{\"@type\":\"ListItem\",\"position\":3,\"name\":\"Pop-Up \\\/ Wanderstand\"}]},{\"@type\":\"WebSite\",\"@id\":\"https:\\\/\\\/www.garage-berset.ch\\\/#website\",\"url\":\"https:\\\/\\\/www.garage-berset.ch\\\/\",\"name\":\"Garage Berset | Fribourg, Marly et la Tour-de-Tr\u00eame\",\"description\":\"Depuis 1951, le Garage Berset \u00e0 Fribourg (Marly) et \u00e0 Bulle (Tour-de-Tr\u00eame) est le leader des marques Lexus, Toyota et Maserati dans le canton de Fribourg.\",\"potentialAction\":[{\"@type\":\"SearchAction\",\"target\":{\"@type\":\"EntryPoint\",\"urlTemplate\":\"https:\\\/\\\/www.garage-berset.ch\\\/?s={search_term_string}\"},\"query-input\":{\"@type\":\"PropertyValueSpecification\",\"valueRequired\":true,\"valueName\":\"search_term_string\"}}],\"inLanguage\":\"de\"}]}<\/script>\n<!-- \/ Yoast SEO plugin. -->","yoast_head_json":{"title":"Pop-Up \/ Wanderstand - Garage Berset | Fribourg, Marly et la Tour-de-Tr\u00eame","description":"Heben Sie sich von der Masse ab mit unserem Pop-up-Container, den Sie f\u00fcr Ihre n\u00e4chste Veranstaltung oder Gartenparty mieten k\u00f6nnen!","robots":{"index":"index","follow":"follow","max-snippet":"max-snippet:-1","max-image-preview":"max-image-preview:large","max-video-preview":"max-video-preview:-1"},"canonical":"https:\/\/www.garage-berset.ch\/de\/voiture\/location-de\/pop-up-store-stand\/","og_locale":"de_DE","og_type":"article","og_title":"Pop-Up \/ Wanderstand - Garage Berset | Fribourg, Marly et la Tour-de-Tr\u00eame","og_description":"Heben Sie sich von der Masse ab mit unserem Pop-up-Container, den Sie f\u00fcr Ihre n\u00e4chste Veranstaltung oder Gartenparty mieten k\u00f6nnen!","og_url":"https:\/\/www.garage-berset.ch\/de\/voiture\/location-de\/pop-up-store-stand\/","og_site_name":"Garage Berset | Fribourg, Marly et la Tour-de-Tr\u00eame","article_modified_time":"2025-06-19T09:34:11+00:00","og_image":[{"width":2880,"height":1620,"url":"https:\/\/www.garage-berset.ch\/wp-content\/uploads\/2019\/07\/mvimg_20190715_134603.jpg","type":"image\/jpeg"}],"twitter_card":"summary_large_image","schema":{"@context":"https:\/\/schema.org","@graph":[{"@type":"WebPage","@id":"https:\/\/www.garage-berset.ch\/de\/voiture\/location-de\/pop-up-store-stand\/","url":"https:\/\/www.garage-berset.ch\/de\/voiture\/location-de\/pop-up-store-stand\/","name":"Pop-Up \/ Wanderstand - Garage Berset | Fribourg, Marly et la Tour-de-Tr\u00eame","isPartOf":{"@id":"https:\/\/www.garage-berset.ch\/#website"},"primaryImageOfPage":{"@id":"https:\/\/www.garage-berset.ch\/de\/voiture\/location-de\/pop-up-store-stand\/#primaryimage"},"image":{"@id":"https:\/\/www.garage-berset.ch\/de\/voiture\/location-de\/pop-up-store-stand\/#primaryimage"},"thumbnailUrl":"https:\/\/www.garage-berset.ch\/wp-content\/uploads\/2019\/07\/mvimg_20190715_134603.jpg","datePublished":"2019-07-26T13:32:22+00:00","dateModified":"2025-06-19T09:34:11+00:00","description":"Heben Sie sich von der Masse ab mit unserem Pop-up-Container, den Sie f\u00fcr Ihre n\u00e4chste Veranstaltung oder Gartenparty mieten k\u00f6nnen!","breadcrumb":{"@id":"https:\/\/www.garage-berset.ch\/de\/voiture\/location-de\/pop-up-store-stand\/#breadcrumb"},"inLanguage":"de","potentialAction":[{"@type":"ReadAction","target":["https:\/\/www.garage-berset.ch\/de\/voiture\/location-de\/pop-up-store-stand\/"]}]},{"@type":"ImageObject","inLanguage":"de","@id":"https:\/\/www.garage-berset.ch\/de\/voiture\/location-de\/pop-up-store-stand\/#primaryimage","url":"https:\/\/www.garage-berset.ch\/wp-content\/uploads\/2019\/07\/mvimg_20190715_134603.jpg","contentUrl":"https:\/\/www.garage-berset.ch\/wp-content\/uploads\/2019\/07\/mvimg_20190715_134603.jpg","width":2880,"height":1620},{"@type":"BreadcrumbList","@id":"https:\/\/www.garage-berset.ch\/de\/voiture\/location-de\/pop-up-store-stand\/#breadcrumb","itemListElement":[{"@type":"ListItem","position":1,"name":"Accueil","item":"https:\/\/www.garage-berset.ch\/de\/garage-berset-3\/"},{"@type":"ListItem","position":2,"name":"Voitures","item":"https:\/\/www.garage-berset.ch\/voiture\/%marque_voiture%\/"},{"@type":"ListItem","position":3,"name":"Pop-Up \/ Wanderstand"}]},{"@type":"WebSite","@id":"https:\/\/www.garage-berset.ch\/#website","url":"https:\/\/www.garage-berset.ch\/","name":"Garage Berset | Fribourg, Marly et la Tour-de-Tr\u00eame","description":"Depuis 1951, le Garage Berset \u00e0 Fribourg (Marly) et \u00e0 Bulle (Tour-de-Tr\u00eame) est le leader des marques Lexus, Toyota et Maserati dans le canton de Fribourg.","potentialAction":[{"@type":"SearchAction","target":{"@type":"EntryPoint","urlTemplate":"https:\/\/www.garage-berset.ch\/?s={search_term_string}"},"query-input":{"@type":"PropertyValueSpecification","valueRequired":true,"valueName":"search_term_string"}}],"inLanguage":"de"}]}},"_links":{"self":[{"href":"https:\/\/www.garage-berset.ch\/de\/wp-json\/wp\/v2\/voiture\/1880","targetHints":{"allow":["GET"]}}],"collection":[{"href":"https:\/\/www.garage-berset.ch\/de\/wp-json\/wp\/v2\/voiture"}],"about":[{"href":"https:\/\/www.garage-berset.ch\/de\/wp-json\/wp\/v2\/types\/voiture"}],"wp:featuredmedia":[{"embeddable":true,"href":"https:\/\/www.garage-berset.ch\/de\/wp-json\/wp\/v2\/media\/1719"}],"wp:attachment":[{"href":"https:\/\/www.garage-berset.ch\/de\/wp-json\/wp\/v2\/media?parent=1880"}],"wp:term":[{"taxonomy":"marque_voiture","embeddable":true,"href":"https:\/\/www.garage-berset.ch\/de\/wp-json\/wp\/v2\/marque_voiture?post=1880"},{"taxonomy":"motorisation","embeddable":true,"href":"https:\/\/www.garage-berset.ch\/de\/wp-json\/wp\/v2\/motorisation?post=1880"}],"curies":[{"name":"wp","href":"https:\/\/api.w.org\/{rel}","templated":true}]}}

<!-- This site is optimized with the Yoast SEO plugin v27.5 - https://yoast.com/product/yoast-seo-wordpress/ -->
<title>Pop-Up / Wanderstand - Garage Berset | Fribourg, Marly et la Tour-de-Trême</title>
<meta name="description" content="Heben Sie sich von der Masse ab mit unserem Pop-up-Container, den Sie für Ihre nächste Veranstaltung oder Gartenparty mieten können!" />
<meta name="robots" content="index, follow, max-snippet:-1, max-image-preview:large, max-video-preview:-1" />
<link rel="canonical" href="https://www.garage-berset.ch/de/voiture/location-de/pop-up-store-stand/" />
<meta property="og:locale" content="de_DE" />
<meta property="og:type" content="article" />
<meta property="og:title" content="Pop-Up / Wanderstand - Garage Berset | Fribourg, Marly et la Tour-de-Trême" />
<meta property="og:description" content="Heben Sie sich von der Masse ab mit unserem Pop-up-Container, den Sie für Ihre nächste Veranstaltung oder Gartenparty mieten können!" />
<meta property="og:url" content="https://www.garage-berset.ch/de/voiture/location-de/pop-up-store-stand/" />
<meta property="og:site_name" content="Garage Berset | Fribourg, Marly et la Tour-de-Trême" />
<meta property="article:modified_time" content="2025-06-19T09:34:11+00:00" />
<meta property="og:image" content="https://www.garage-berset.ch/wp-content/uploads/2019/07/mvimg_20190715_134603.jpg" />
	<meta property="og:image:width" content="2880" />
	<meta property="og:image:height" content="1620" />
	<meta property="og:image:type" content="image/jpeg" />
<meta name="twitter:card" content="summary_large_image" />
<script type="application/ld+json" class="yoast-schema-graph">{"@context":"https:\/\/schema.org","@graph":[{"@type":"WebPage","@id":"https:\/\/www.garage-berset.ch\/de\/voiture\/location-de\/pop-up-store-stand\/","url":"https:\/\/www.garage-berset.ch\/de\/voiture\/location-de\/pop-up-store-stand\/","name":"Pop-Up \/ Wanderstand - Garage Berset | Fribourg, Marly et la Tour-de-Trême","isPartOf":{"@id":"https:\/\/www.garage-berset.ch\/#website"},"primaryImageOfPage":{"@id":"https:\/\/www.garage-berset.ch\/de\/voiture\/location-de\/pop-up-store-stand\/#primaryimage"},"image":{"@id":"https:\/\/www.garage-berset.ch\/de\/voiture\/location-de\/pop-up-store-stand\/#primaryimage"},"thumbnailUrl":"https:\/\/www.garage-berset.ch\/wp-content\/uploads\/2019\/07\/mvimg_20190715_134603.jpg","datePublished":"2019-07-26T13:32:22+00:00","dateModified":"2025-06-19T09:34:11+00:00","description":"Heben Sie sich von der Masse ab mit unserem Pop-up-Container, den Sie für Ihre nächste Veranstaltung oder Gartenparty mieten können!","breadcrumb":{"@id":"https:\/\/www.garage-berset.ch\/de\/voiture\/location-de\/pop-up-store-stand\/#breadcrumb"},"inLanguage":"de","potentialAction":[{"@type":"ReadAction","target":["https:\/\/www.garage-berset.ch\/de\/voiture\/location-de\/pop-up-store-stand\/"]}]},{"@type":"ImageObject","inLanguage":"de","@id":"https:\/\/www.garage-berset.ch\/de\/voiture\/location-de\/pop-up-store-stand\/#primaryimage","url":"https:\/\/www.garage-berset.ch\/wp-content\/uploads\/2019\/07\/mvimg_20190715_134603.jpg","contentUrl":"https:\/\/www.garage-berset.ch\/wp-content\/uploads\/2019\/07\/mvimg_20190715_134603.jpg","width":2880,"height":1620},{"@type":"BreadcrumbList","@id":"https:\/\/www.garage-berset.ch\/de\/voiture\/location-de\/pop-up-store-stand\/#breadcrumb","itemListElement":[{"@type":"ListItem","position":1,"name":"Accueil","item":"https:\/\/www.garage-berset.ch\/de\/garage-berset-3\/"},{"@type":"ListItem","position":2,"name":"Voitures","item":"https:\/\/www.garage-berset.ch\/voiture\/%marque_voiture%\/"},{"@type":"ListItem","position":3,"name":"Pop-Up \/ Wanderstand"}]},{"@type":"WebSite","@id":"https:\/\/www.garage-berset.ch\/#website","url":"https:\/\/www.garage-berset.ch\/","name":"Garage Berset | Fribourg, Marly et la Tour-de-Trême","description":"Depuis 1951, le Garage Berset à Fribourg (Marly) et à Bulle (Tour-de-Trême) est le leader des marques Lexus, Toyota et Maserati dans le canton de Fribourg.","potentialAction":[{"@type":"SearchAction","target":{"@type":"EntryPoint","urlTemplate":"https:\/\/www.garage-berset.ch\/?s={search_term_string}"},"query-input":{"@type":"PropertyValueSpecification","valueRequired":true,"valueName":"search_term_string"}}],"inLanguage":"de"}]}</script>
<!-- / Yoast SEO plugin. -->

Pop-Up / Wanderstand - Garage Berset | Fribourg, Marly et la Tour-de-Trême

Heben Sie sich von der Masse ab mit unserem Pop-up-Container, den Sie für Ihre nächste Veranstaltung oder Gartenparty mieten können!

Garage Berset | Fribourg, Marly et la Tour-de-Trême

Depuis 1951, le Garage Berset à Fribourg (Marly) et à Bulle (Tour-de-Trême) est le leader des marques Lexus, Toyota et Maserati dans le canton de Fribourg.
