{"id":2036,"date":"2019-07-01T16:14:52","date_gmt":"2019-07-01T14:14:52","guid":{"rendered":"https:\/\/www.garage-berset.ch\/voiture\/%marque_voiture%\/rx\/"},"modified":"2025-06-19T11:31:02","modified_gmt":"2025-06-19T09:31:02","slug":"rx","status":"publish","type":"voiture","link":"https:\/\/www.garage-berset.ch\/de\/voiture\/lexus-de\/rx\/","title":{"rendered":"RX"},"content":{"rendered":"\n<p>Ab CHF 79.900.00<\/p>\n","protected":false},"featured_media":992,"template":"","marque_voiture":[65],"motorisation":[],"class_list":["post-2036","voiture","type-voiture","status-publish","has-post-thumbnail","hentry","marque_voiture-lexus-de"],"acf":[],"yoast_head":"<!-- This site is optimized with the Yoast SEO plugin v27.5 - https:\/\/yoast.com\/product\/yoast-seo-wordpress\/ -->\n<title>Lexus RX - Lexus Freiburg<\/title>\n<meta name=\"description\" content=\"Die f\u00fcnfte Generation des Lexus RX ist das Herzst\u00fcck unserer Strategie zur Elektrifizierung von Fahrzeugen: Lexus Electrified.\" \/>\n<meta name=\"robots\" content=\"index, follow, max-snippet:-1, max-image-preview:large, max-video-preview:-1\" \/>\n<link rel=\"canonical\" href=\"https:\/\/www.garage-berset.ch\/de\/voiture\/lexus-de\/rx\/\" \/>\n<meta property=\"og:locale\" content=\"de_DE\" \/>\n<meta property=\"og:type\" content=\"article\" \/>\n<meta property=\"og:title\" content=\"Lexus RX - Lexus Freiburg\" \/>\n<meta property=\"og:description\" content=\"Die f\u00fcnfte Generation des Lexus RX ist das Herzst\u00fcck unserer Strategie zur Elektrifizierung von Fahrzeugen: Lexus Electrified.\" \/>\n<meta property=\"og:url\" content=\"https:\/\/www.garage-berset.ch\/de\/voiture\/lexus-de\/rx\/\" \/>\n<meta property=\"og:site_name\" content=\"Garage Berset | Fribourg, Marly et la Tour-de-Tr\u00eame\" \/>\n<meta property=\"article:modified_time\" content=\"2025-06-19T09:31:02+00:00\" \/>\n<meta property=\"og:image\" content=\"https:\/\/www.garage-berset.ch\/wp-content\/uploads\/2019\/07\/rx-garage_berset.png\" \/>\n\t<meta property=\"og:image:width\" content=\"740\" \/>\n\t<meta property=\"og:image:height\" content=\"340\" \/>\n\t<meta property=\"og:image:type\" content=\"image\/png\" \/>\n<meta name=\"twitter:card\" content=\"summary_large_image\" \/>\n<meta name=\"twitter:label1\" content=\"Gesch\u00e4tzte Lesezeit\" \/>\n\t<meta name=\"twitter:data1\" content=\"1\u00a0Minute\" \/>\n<script type=\"application\/ld+json\" class=\"yoast-schema-graph\">{\"@context\":\"https:\\\/\\\/schema.org\",\"@graph\":[{\"@type\":\"WebPage\",\"@id\":\"https:\\\/\\\/www.garage-berset.ch\\\/de\\\/voiture\\\/lexus-de\\\/rx\\\/\",\"url\":\"https:\\\/\\\/www.garage-berset.ch\\\/de\\\/voiture\\\/lexus-de\\\/rx\\\/\",\"name\":\"Lexus RX - Lexus Freiburg\",\"isPartOf\":{\"@id\":\"https:\\\/\\\/www.garage-berset.ch\\\/#website\"},\"primaryImageOfPage\":{\"@id\":\"https:\\\/\\\/www.garage-berset.ch\\\/de\\\/voiture\\\/lexus-de\\\/rx\\\/#primaryimage\"},\"image\":{\"@id\":\"https:\\\/\\\/www.garage-berset.ch\\\/de\\\/voiture\\\/lexus-de\\\/rx\\\/#primaryimage\"},\"thumbnailUrl\":\"https:\\\/\\\/www.garage-berset.ch\\\/wp-content\\\/uploads\\\/2019\\\/07\\\/rx-garage_berset.png\",\"datePublished\":\"2019-07-01T14:14:52+00:00\",\"dateModified\":\"2025-06-19T09:31:02+00:00\",\"description\":\"Die f\u00fcnfte Generation des Lexus RX ist das Herzst\u00fcck unserer Strategie zur Elektrifizierung von Fahrzeugen: Lexus Electrified.\",\"breadcrumb\":{\"@id\":\"https:\\\/\\\/www.garage-berset.ch\\\/de\\\/voiture\\\/lexus-de\\\/rx\\\/#breadcrumb\"},\"inLanguage\":\"de\",\"potentialAction\":[{\"@type\":\"ReadAction\",\"target\":[\"https:\\\/\\\/www.garage-berset.ch\\\/de\\\/voiture\\\/lexus-de\\\/rx\\\/\"]}]},{\"@type\":\"ImageObject\",\"inLanguage\":\"de\",\"@id\":\"https:\\\/\\\/www.garage-berset.ch\\\/de\\\/voiture\\\/lexus-de\\\/rx\\\/#primaryimage\",\"url\":\"https:\\\/\\\/www.garage-berset.ch\\\/wp-content\\\/uploads\\\/2019\\\/07\\\/rx-garage_berset.png\",\"contentUrl\":\"https:\\\/\\\/www.garage-berset.ch\\\/wp-content\\\/uploads\\\/2019\\\/07\\\/rx-garage_berset.png\",\"width\":740,\"height\":340},{\"@type\":\"BreadcrumbList\",\"@id\":\"https:\\\/\\\/www.garage-berset.ch\\\/de\\\/voiture\\\/lexus-de\\\/rx\\\/#breadcrumb\",\"itemListElement\":[{\"@type\":\"ListItem\",\"position\":1,\"name\":\"Accueil\",\"item\":\"https:\\\/\\\/www.garage-berset.ch\\\/de\\\/garage-berset-3\\\/\"},{\"@type\":\"ListItem\",\"position\":2,\"name\":\"Voitures\",\"item\":\"https:\\\/\\\/www.garage-berset.ch\\\/voiture\\\/%marque_voiture%\\\/\"},{\"@type\":\"ListItem\",\"position\":3,\"name\":\"RX\"}]},{\"@type\":\"WebSite\",\"@id\":\"https:\\\/\\\/www.garage-berset.ch\\\/#website\",\"url\":\"https:\\\/\\\/www.garage-berset.ch\\\/\",\"name\":\"Garage Berset | Fribourg, Marly et la Tour-de-Tr\u00eame\",\"description\":\"Depuis 1951, le Garage Berset \u00e0 Fribourg (Marly) et \u00e0 Bulle (Tour-de-Tr\u00eame) est le leader des marques Lexus, Toyota et Maserati dans le canton de Fribourg.\",\"potentialAction\":[{\"@type\":\"SearchAction\",\"target\":{\"@type\":\"EntryPoint\",\"urlTemplate\":\"https:\\\/\\\/www.garage-berset.ch\\\/?s={search_term_string}\"},\"query-input\":{\"@type\":\"PropertyValueSpecification\",\"valueRequired\":true,\"valueName\":\"search_term_string\"}}],\"inLanguage\":\"de\"}]}<\/script>\n<!-- \/ Yoast SEO plugin. -->","yoast_head_json":{"title":"Lexus RX - Lexus Freiburg","description":"Die f\u00fcnfte Generation des Lexus RX ist das Herzst\u00fcck unserer Strategie zur Elektrifizierung von Fahrzeugen: Lexus Electrified.","robots":{"index":"index","follow":"follow","max-snippet":"max-snippet:-1","max-image-preview":"max-image-preview:large","max-video-preview":"max-video-preview:-1"},"canonical":"https:\/\/www.garage-berset.ch\/de\/voiture\/lexus-de\/rx\/","og_locale":"de_DE","og_type":"article","og_title":"Lexus RX - Lexus Freiburg","og_description":"Die f\u00fcnfte Generation des Lexus RX ist das Herzst\u00fcck unserer Strategie zur Elektrifizierung von Fahrzeugen: Lexus Electrified.","og_url":"https:\/\/www.garage-berset.ch\/de\/voiture\/lexus-de\/rx\/","og_site_name":"Garage Berset | Fribourg, Marly et la Tour-de-Tr\u00eame","article_modified_time":"2025-06-19T09:31:02+00:00","og_image":[{"width":740,"height":340,"url":"https:\/\/www.garage-berset.ch\/wp-content\/uploads\/2019\/07\/rx-garage_berset.png","type":"image\/png"}],"twitter_card":"summary_large_image","twitter_misc":{"Gesch\u00e4tzte Lesezeit":"1\u00a0Minute"},"schema":{"@context":"https:\/\/schema.org","@graph":[{"@type":"WebPage","@id":"https:\/\/www.garage-berset.ch\/de\/voiture\/lexus-de\/rx\/","url":"https:\/\/www.garage-berset.ch\/de\/voiture\/lexus-de\/rx\/","name":"Lexus RX - Lexus Freiburg","isPartOf":{"@id":"https:\/\/www.garage-berset.ch\/#website"},"primaryImageOfPage":{"@id":"https:\/\/www.garage-berset.ch\/de\/voiture\/lexus-de\/rx\/#primaryimage"},"image":{"@id":"https:\/\/www.garage-berset.ch\/de\/voiture\/lexus-de\/rx\/#primaryimage"},"thumbnailUrl":"https:\/\/www.garage-berset.ch\/wp-content\/uploads\/2019\/07\/rx-garage_berset.png","datePublished":"2019-07-01T14:14:52+00:00","dateModified":"2025-06-19T09:31:02+00:00","description":"Die f\u00fcnfte Generation des Lexus RX ist das Herzst\u00fcck unserer Strategie zur Elektrifizierung von Fahrzeugen: Lexus Electrified.","breadcrumb":{"@id":"https:\/\/www.garage-berset.ch\/de\/voiture\/lexus-de\/rx\/#breadcrumb"},"inLanguage":"de","potentialAction":[{"@type":"ReadAction","target":["https:\/\/www.garage-berset.ch\/de\/voiture\/lexus-de\/rx\/"]}]},{"@type":"ImageObject","inLanguage":"de","@id":"https:\/\/www.garage-berset.ch\/de\/voiture\/lexus-de\/rx\/#primaryimage","url":"https:\/\/www.garage-berset.ch\/wp-content\/uploads\/2019\/07\/rx-garage_berset.png","contentUrl":"https:\/\/www.garage-berset.ch\/wp-content\/uploads\/2019\/07\/rx-garage_berset.png","width":740,"height":340},{"@type":"BreadcrumbList","@id":"https:\/\/www.garage-berset.ch\/de\/voiture\/lexus-de\/rx\/#breadcrumb","itemListElement":[{"@type":"ListItem","position":1,"name":"Accueil","item":"https:\/\/www.garage-berset.ch\/de\/garage-berset-3\/"},{"@type":"ListItem","position":2,"name":"Voitures","item":"https:\/\/www.garage-berset.ch\/voiture\/%marque_voiture%\/"},{"@type":"ListItem","position":3,"name":"RX"}]},{"@type":"WebSite","@id":"https:\/\/www.garage-berset.ch\/#website","url":"https:\/\/www.garage-berset.ch\/","name":"Garage Berset | Fribourg, Marly et la Tour-de-Tr\u00eame","description":"Depuis 1951, le Garage Berset \u00e0 Fribourg (Marly) et \u00e0 Bulle (Tour-de-Tr\u00eame) est le leader des marques Lexus, Toyota et Maserati dans le canton de Fribourg.","potentialAction":[{"@type":"SearchAction","target":{"@type":"EntryPoint","urlTemplate":"https:\/\/www.garage-berset.ch\/?s={search_term_string}"},"query-input":{"@type":"PropertyValueSpecification","valueRequired":true,"valueName":"search_term_string"}}],"inLanguage":"de"}]}},"_links":{"self":[{"href":"https:\/\/www.garage-berset.ch\/de\/wp-json\/wp\/v2\/voiture\/2036","targetHints":{"allow":["GET"]}}],"collection":[{"href":"https:\/\/www.garage-berset.ch\/de\/wp-json\/wp\/v2\/voiture"}],"about":[{"href":"https:\/\/www.garage-berset.ch\/de\/wp-json\/wp\/v2\/types\/voiture"}],"wp:featuredmedia":[{"embeddable":true,"href":"https:\/\/www.garage-berset.ch\/de\/wp-json\/wp\/v2\/media\/992"}],"wp:attachment":[{"href":"https:\/\/www.garage-berset.ch\/de\/wp-json\/wp\/v2\/media?parent=2036"}],"wp:term":[{"taxonomy":"marque_voiture","embeddable":true,"href":"https:\/\/www.garage-berset.ch\/de\/wp-json\/wp\/v2\/marque_voiture?post=2036"},{"taxonomy":"motorisation","embeddable":true,"href":"https:\/\/www.garage-berset.ch\/de\/wp-json\/wp\/v2\/motorisation?post=2036"}],"curies":[{"name":"wp","href":"https:\/\/api.w.org\/{rel}","templated":true}]}}

<!-- This site is optimized with the Yoast SEO plugin v27.5 - https://yoast.com/product/yoast-seo-wordpress/ -->
<title>Lexus RX - Lexus Freiburg</title>
<meta name="description" content="Die fünfte Generation des Lexus RX ist das Herzstück unserer Strategie zur Elektrifizierung von Fahrzeugen: Lexus Electrified." />
<meta name="robots" content="index, follow, max-snippet:-1, max-image-preview:large, max-video-preview:-1" />
<link rel="canonical" href="https://www.garage-berset.ch/de/voiture/lexus-de/rx/" />
<meta property="og:locale" content="de_DE" />
<meta property="og:type" content="article" />
<meta property="og:title" content="Lexus RX - Lexus Freiburg" />
<meta property="og:description" content="Die fünfte Generation des Lexus RX ist das Herzstück unserer Strategie zur Elektrifizierung von Fahrzeugen: Lexus Electrified." />
<meta property="og:url" content="https://www.garage-berset.ch/de/voiture/lexus-de/rx/" />
<meta property="og:site_name" content="Garage Berset | Fribourg, Marly et la Tour-de-Trême" />
<meta property="article:modified_time" content="2025-06-19T09:31:02+00:00" />
<meta property="og:image" content="https://www.garage-berset.ch/wp-content/uploads/2019/07/rx-garage_berset.png" />
	<meta property="og:image:width" content="740" />
	<meta property="og:image:height" content="340" />
	<meta property="og:image:type" content="image/png" />
<meta name="twitter:card" content="summary_large_image" />
<meta name="twitter:label1" content="Geschätzte Lesezeit" />
	<meta name="twitter:data1" content="1 Minute" />
<script type="application/ld+json" class="yoast-schema-graph">{"@context":"https:\/\/schema.org","@graph":[{"@type":"WebPage","@id":"https:\/\/www.garage-berset.ch\/de\/voiture\/lexus-de\/rx\/","url":"https:\/\/www.garage-berset.ch\/de\/voiture\/lexus-de\/rx\/","name":"Lexus RX - Lexus Freiburg","isPartOf":{"@id":"https:\/\/www.garage-berset.ch\/#website"},"primaryImageOfPage":{"@id":"https:\/\/www.garage-berset.ch\/de\/voiture\/lexus-de\/rx\/#primaryimage"},"image":{"@id":"https:\/\/www.garage-berset.ch\/de\/voiture\/lexus-de\/rx\/#primaryimage"},"thumbnailUrl":"https:\/\/www.garage-berset.ch\/wp-content\/uploads\/2019\/07\/rx-garage_berset.png","datePublished":"2019-07-01T14:14:52+00:00","dateModified":"2025-06-19T09:31:02+00:00","description":"Die fünfte Generation des Lexus RX ist das Herzstück unserer Strategie zur Elektrifizierung von Fahrzeugen: Lexus Electrified.","breadcrumb":{"@id":"https:\/\/www.garage-berset.ch\/de\/voiture\/lexus-de\/rx\/#breadcrumb"},"inLanguage":"de","potentialAction":[{"@type":"ReadAction","target":["https:\/\/www.garage-berset.ch\/de\/voiture\/lexus-de\/rx\/"]}]},{"@type":"ImageObject","inLanguage":"de","@id":"https:\/\/www.garage-berset.ch\/de\/voiture\/lexus-de\/rx\/#primaryimage","url":"https:\/\/www.garage-berset.ch\/wp-content\/uploads\/2019\/07\/rx-garage_berset.png","contentUrl":"https:\/\/www.garage-berset.ch\/wp-content\/uploads\/2019\/07\/rx-garage_berset.png","width":740,"height":340},{"@type":"BreadcrumbList","@id":"https:\/\/www.garage-berset.ch\/de\/voiture\/lexus-de\/rx\/#breadcrumb","itemListElement":[{"@type":"ListItem","position":1,"name":"Accueil","item":"https:\/\/www.garage-berset.ch\/de\/garage-berset-3\/"},{"@type":"ListItem","position":2,"name":"Voitures","item":"https:\/\/www.garage-berset.ch\/voiture\/%marque_voiture%\/"},{"@type":"ListItem","position":3,"name":"RX"}]},{"@type":"WebSite","@id":"https:\/\/www.garage-berset.ch\/#website","url":"https:\/\/www.garage-berset.ch\/","name":"Garage Berset | Fribourg, Marly et la Tour-de-Trême","description":"Depuis 1951, le Garage Berset à Fribourg (Marly) et à Bulle (Tour-de-Trême) est le leader des marques Lexus, Toyota et Maserati dans le canton de Fribourg.","potentialAction":[{"@type":"SearchAction","target":{"@type":"EntryPoint","urlTemplate":"https:\/\/www.garage-berset.ch\/?s={search_term_string}"},"query-input":{"@type":"PropertyValueSpecification","valueRequired":true,"valueName":"search_term_string"}}],"inLanguage":"de"}]}</script>
<!-- / Yoast SEO plugin. -->

Die fünfte Generation des Lexus RX ist das Herzstück unserer Strategie zur Elektrifizierung von Fahrzeugen: Lexus Electrified.

Garage Berset | Fribourg, Marly et la Tour-de-Trême

Depuis 1951, le Garage Berset à Fribourg (Marly) et à Bulle (Tour-de-Trême) est le leader des marques Lexus, Toyota et Maserati dans le canton de Fribourg.
